{"id":5505,"date":"2025-04-03T16:27:25","date_gmt":"2025-04-03T16:27:25","guid":{"rendered":"https:\/\/todosplanosdesaude.com.br\/amil\/piraju\/"},"modified":"2025-04-03T16:27:25","modified_gmt":"2025-04-03T16:27:25","slug":"piraju","status":"publish","type":"page","link":"https:\/\/todosplanosdesaude.com.br\/amil\/piraju\/","title":{"rendered":"Piraju"},"content":{"rendered":"<div id=\"page-header-905136208\" class=\"page-header-wrapper\">\n<div class=\"page-title dark featured-title\">\n<div class=\"page-title-inner container align-center flex-row medium-flex-wrap\">\n<div class=\"title-wrapper flex-col text-left medium-text-center\">\n<h1 class=\"entry-title mb-0\">Plano de Sa\u00fade Amil Piraju\t<\/h1>\n<\/p>\n<\/div>\n<div class=\"title-content flex-col flex-right text-right medium-text-center\">\n<div class=\"title-breadcrumbs pb-half pt-half\"><\/div>\n<\/p>\n<\/div>\n<\/div>\n<\/div>\n<\/div>\n\t<section class=\"section\" id=\"section_1287759376\">\n\t\t<div class=\"bg section-bg fill bg-fill  bg-loaded\" >\n\n\t\t\t\n\t\t\t\n\t\t\t\n\n\t\t<\/div>\n\n\t\t<div class=\"section-content relative\">\n\t\t\t\n\n<div class=\"row align-middle\"  id=\"row-318807041\">\n\n\n\t<div id=\"col-762228961\" class=\"col medium-6 small-12 large-6\"  >\n\t\t<div class=\"col-inner\"  >\n\t\t\t\n\t\t\t\n\n<p data-start=\"230\" data-end=\"926\">A Amil oferece planos completos com cobertura nacional e solu\u00e7\u00f5es sob medida. Atua em 26 estados, com foco na qualidade do atendimento e no cuidado preventivo. Sua estrutura conta com ampla rede de hospitais, cl\u00ednicas e laborat\u00f3rios. S\u00e3o milhares de profissionais dispon\u00edveis para garantir agilidade, conforto e seguran\u00e7a. Al\u00e9m disso, disponibiliza unidades exclusivas com m\u00e9dicos de fam\u00edlia, enfermeiros e agentes de sa\u00fade. O cuidado \u00e9 integrado, com hist\u00f3rico de atendimento acompanhado por equipes especializadas. A empresa tamb\u00e9m oferece servi\u00e7os como canal digital, suporte remoto, programas materno-infantis e resgate aerom\u00e9dico. Tudo pensado para facilitar o dia a dia dos benefici\u00e1rios.<\/p>\n\n\t\t<\/div>\n\t\t\t<\/div>\n\n\t\n\n\t<div id=\"col-1048779511\" class=\"col medium-6 small-12 large-6\"  >\n\t\t<div class=\"col-inner\"  >\n\t\t\t\n\t\t\t\n\n\t<div class=\"img has-hover x md-x lg-x y md-y lg-y\" id=\"image_1198450577\">\n\t\t\t\t\t\t\t\t<div class=\"img-inner image-cover dark\" style=\"padding-top:321px;\">\n\t\t\t<img loading=\"lazy\" decoding=\"async\" width=\"720\" height=\"400\" src=\"https:\/\/todosplanosdesaude.com.br\/amil\/wp-content\/uploads\/2022\/04\/Rede-Credenciada.jpg\" class=\"attachment-large size-large\" alt=\"\" srcset=\"https:\/\/todosplanosdesaude.com.br\/amil\/wp-content\/uploads\/2022\/04\/Rede-Credenciada.jpg 720w, https:\/\/todosplanosdesaude.com.br\/amil\/wp-content\/uploads\/2022\/04\/Rede-Credenciada-300x167.jpg 300w\" sizes=\"auto, (max-width: 720px) 100vw, 720px\" \/>\t\t\t\t\t\t\n\t\t\t\t\t<\/div>\n\t\t\t\t\t\t\t\t\n<style>\n#image_1198450577 {\n  width: 100%;\n}\n<\/style>\n\t<\/div>\n\t\n\n\n\t\t<\/div>\n\t\t\t<\/div>\n\n\t\n\n<\/div>\n\n\t\t<\/div>\n\n\t\t\n<style>\n#section_1287759376 {\n  padding-top: 30px;\n  padding-bottom: 30px;\n}\n<\/style>\n\t<\/section>\n\t\n\t<section class=\"section\" id=\"section_502273384\">\n\t\t<div class=\"bg section-bg fill bg-fill  bg-loaded\" >\n\n\t\t\t\n\t\t\t<div class=\"section-bg-overlay absolute fill\"><\/div>\n\t\t\t\n\n\t\t<\/div>\n\n\t\t<div class=\"section-content relative\">\n\t\t\t\n\n<div class=\"row\"  id=\"row-2015150796\">\n\n\n\t<div id=\"col-1719394101\" class=\"col medium-6 small-12 large-6\"  >\n\t\t<div class=\"col-inner\"  >\n\t\t\t\n\t\t\t\n\n\t<div id=\"text-707687928\" class=\"text\">\n\t\t\n\n<h2><strong>Diferenciais<\/strong><\/h2>\n\t\t\n<style>\n#text-707687928 {\n  font-size: 1rem;\n}\n<\/style>\n\t<\/div>\n\t\n<ul>\n<li><strong data-start=\"231\" data-end=\"261\">Rede credenciada nacional:<\/strong> mais de 1.700 hospitais e 6.000 laborat\u00f3rios em todo o Brasil, oferecendo atendimento completo com excel\u00eancia em todas as regi\u00f5es.<\/li>\n<li><strong data-start=\"395\" data-end=\"417\">Amil Espa\u00e7o Sa\u00fade:<\/strong> unidades exclusivas com m\u00e9dicos de fam\u00edlia, equipe multidisciplinar e foco em preven\u00e7\u00e3o, acolhimento e continuidade do cuidado.<\/li>\n<li><strong data-start=\"548\" data-end=\"579\">Canais digitais de suporte:<\/strong> acesso r\u00e1pido a informa\u00e7\u00f5es, reembolsos, autoriza\u00e7\u00f5es e consulta \u00e0 rede credenciada, tudo de forma pr\u00e1tica e online.<\/li>\n<li><strong data-start=\"699\" data-end=\"728\">Programa Mam\u00e3e e Crian\u00e7a:<\/strong> acompanhamento telef\u00f4nico para gestantes e crian\u00e7as at\u00e9 12 anos, garantindo orienta\u00e7\u00e3o e apoio durante todas as fases.<\/li>\n<li><strong data-start=\"850\" data-end=\"873\">Amil Resgate Sa\u00fade:<\/strong> servi\u00e7o de transporte aerom\u00e9dico com UTI m\u00f3vel, dispon\u00edvel para remo\u00e7\u00f5es inter-hospitalares em casos de emerg\u00eancia e alta complexidade.<\/li>\n<\/ul>\n\n\t\t<\/div>\n\t\t\t<\/div>\n\n\t\n\n\t<div id=\"col-2034034976\" class=\"col medium-6 small-12 large-6\"  >\n\t\t<div class=\"col-inner\"  >\n\t\t\t\n\t\t\t\n\n\t<div id=\"text-107439221\" class=\"text\">\n\t\t\n\n<h2><strong>Modalidades de Contrata\u00e7\u00e3o<\/strong><\/h2>\n\t\t\n<style>\n#text-107439221 {\n  font-size: 1rem;\n}\n<\/style>\n\t<\/div>\n\t\n<h3><strong>Hospitalar com Obstetr\u00edcia<\/strong><\/h3>\n<p>\u25aa Atendimento em Pronto Socorro (para urg\u00eancia e emerg\u00eancia);<br \/>\u25aa Cirurgias;<br \/>\u25aa Interna\u00e7\u00f5es hospitalares;<br \/>\u25aa Partos (inclui cobertura assistencial ao rec\u00e9m-nascido durante os primeiros 30 dias ap\u00f3s o parto).<\/p>\n<h3><strong>Ambulatorial e Hospitalar com Obstetr\u00edcia<\/strong><\/h3>\n<p>\u25aa Consultas;<br \/>\u25aa Exames;<br \/>\u25aa Atendimento em Pronto Socorro;<br \/>\u25aa Cirurgias;<br \/>\u25aa Interna\u00e7\u00f5es hospitalares;<br \/>\u25aa Partos (inclui cobertura assistencial ao rec\u00e9m-nascido durante os primeiros 30 dias ap\u00f3s o parto)<\/p>\n<p>\u00a0<\/p>\n\n\t\t<\/div>\n\t\t\t<\/div>\n\n\t\n\n<\/div>\n\n\t\t<\/div>\n\n\t\t\n<style>\n#section_502273384 {\n  padding-top: 30px;\n  padding-bottom: 30px;\n}\n#section_502273384 .section-bg-overlay {\n  background-color: rgb(236, 236, 236);\n}\n<\/style>\n\t<\/section>\n\t\n\t<section class=\"section\" id=\"section_1216634926\">\n\t\t<div class=\"bg section-bg fill bg-fill  bg-loaded\" >\n\n\t\t\t\n\t\t\t\n\t\t\t\n\n\t\t<\/div>\n\n\t\t<div class=\"section-content relative\">\n\t\t\t\n\n<div class=\"row\"  id=\"row-897987975\">\n\n\n\t<div id=\"col-281188666\" class=\"col small-6 large-12\"  >\n\t\t<div class=\"col-inner\"  >\n\t\t\t\n\t\t\t\n\n\t<div id=\"text-78728107\" class=\"text\">\n\t\t\n\n<h2><strong>Tipos de Planos Amil Piraju<\/strong><\/h2>\n\t\t\n<style>\n#text-78728107 {\n  font-size: 1rem;\n}\n<\/style>\n\t<\/div>\n\t\n\n\t\t<\/div>\n\t\t\t<\/div>\n\n\t\n\n\t<div id=\"col-71775638\" class=\"col medium-3 small-6 large-3\"  >\n\t\t<div class=\"col-inner\"  >\n\t\t\t\n\t\t\t\n\n\t<div class=\"img has-hover x md-x lg-x y md-y lg-y\" id=\"image_831490719\">\n\t\t\t\t\t\t\t\t<div class=\"img-inner image-cover dark\" style=\"padding-top:228px;\">\n\t\t\t<img loading=\"lazy\" decoding=\"async\" width=\"600\" height=\"676\" src=\"https:\/\/todosplanosdesaude.com.br\/amil\/wp-content\/uploads\/2021\/06\/1.1-2.jpg\" class=\"attachment-large size-large\" alt=\"\" srcset=\"https:\/\/todosplanosdesaude.com.br\/amil\/wp-content\/uploads\/2021\/06\/1.1-2.jpg 600w, https:\/\/todosplanosdesaude.com.br\/amil\/wp-content\/uploads\/2021\/06\/1.1-2-266x300.jpg 266w\" sizes=\"auto, (max-width: 600px) 100vw, 600px\" \/>\t\t\t\t\t\t\n\t\t\t\t\t<\/div>\n\t\t\t\t\t\t\t\t\n<style>\n#image_831490719 {\n  width: 100%;\n}\n<\/style>\n\t<\/div>\n\t\n\n<h2>Plano Amil Familiar<\/h2>\n<p>Contratado com CNPJ, o plano Amil familiar oferece cobertura nacional e economia de at\u00e9 30% em rela\u00e7\u00e3o aos planos por ades\u00e3o, com rede ampla e completa.<\/p>\n<a href=\"https:\/\/todosplanosdesaude.com.br\/amil\/orcamento\/\" target=\"_self\" class=\"button primary\"  >\n    <span>SIMULAR PLANO<\/span>\n  <\/a>\n\n\n\n\t\t<\/div>\n\t\t\t<\/div>\n\n\t\n\n\t<div id=\"col-1935294878\" class=\"col medium-3 small-6 large-3\"  >\n\t\t<div class=\"col-inner\"  >\n\t\t\t\n\t\t\t\n\n\t<div class=\"img has-hover x md-x lg-x y md-y lg-y\" id=\"image_1988708890\">\n\t\t\t\t\t\t\t\t<div class=\"img-inner image-cover dark\" style=\"padding-top:228px;\">\n\t\t\t<img loading=\"lazy\" decoding=\"async\" width=\"879\" height=\"1024\" src=\"https:\/\/todosplanosdesaude.com.br\/amil\/wp-content\/uploads\/2022\/04\/young-business-man-talking-phone-working-computer2-879x1024.jpg\" class=\"attachment-large size-large\" alt=\"\" srcset=\"https:\/\/todosplanosdesaude.com.br\/amil\/wp-content\/uploads\/2022\/04\/young-business-man-talking-phone-working-computer2-879x1024.jpg 879w, https:\/\/todosplanosdesaude.com.br\/amil\/wp-content\/uploads\/2022\/04\/young-business-man-talking-phone-working-computer2-258x300.jpg 258w, https:\/\/todosplanosdesaude.com.br\/amil\/wp-content\/uploads\/2022\/04\/young-business-man-talking-phone-working-computer2-768x895.jpg 768w, https:\/\/todosplanosdesaude.com.br\/amil\/wp-content\/uploads\/2022\/04\/young-business-man-talking-phone-working-computer2-1319x1536.jpg 1319w, https:\/\/todosplanosdesaude.com.br\/amil\/wp-content\/uploads\/2022\/04\/young-business-man-talking-phone-working-computer2-1758x2048.jpg 1758w, https:\/\/todosplanosdesaude.com.br\/amil\/wp-content\/uploads\/2022\/04\/young-business-man-talking-phone-working-computer2.jpg 1946w\" sizes=\"auto, (max-width: 879px) 100vw, 879px\" \/>\t\t\t\t\t\t\n\t\t\t\t\t<\/div>\n\t\t\t\t\t\t\t\t\n<style>\n#image_1988708890 {\n  width: 100%;\n}\n<\/style>\n\t<\/div>\n\t\n\n<h2>Plano Amil <br \/>MEI<\/h2>\n<p>Com o CNPJ de MEI, \u00e9 poss\u00edvel contratar um plano com estrutura empresarial, acesso \u00e0 rede completa e pre\u00e7os acess\u00edveis, ideal para quem busca mais benef\u00edcios.<\/p>\n<a href=\"https:\/\/todosplanosdesaude.com.br\/amil\/orcamento\/\" target=\"_self\" class=\"button primary\"  >\n    <span>SIMULAR PLANO<\/span>\n  <\/a>\n\n\n\n\t\t<\/div>\n\t\t\t<\/div>\n\n\t\n\n\t<div id=\"col-426808984\" class=\"col medium-3 small-6 large-3\"  >\n\t\t<div class=\"col-inner\"  >\n\t\t\t\n\t\t\t\n\n\t<div class=\"img has-hover x md-x lg-x y md-y lg-y\" id=\"image_1286657119\">\n\t\t\t\t\t\t\t\t<div class=\"img-inner image-cover dark\" style=\"padding-top:228px;\">\n\t\t\t<img loading=\"lazy\" decoding=\"async\" width=\"841\" height=\"1024\" src=\"https:\/\/todosplanosdesaude.com.br\/amil\/wp-content\/uploads\/2022\/04\/startup-business-team-meeting-modern-bright-office-interior-working-laptop2-841x1024.jpg\" class=\"attachment-large size-large\" alt=\"\" srcset=\"https:\/\/todosplanosdesaude.com.br\/amil\/wp-content\/uploads\/2022\/04\/startup-business-team-meeting-modern-bright-office-interior-working-laptop2-841x1024.jpg 841w, https:\/\/todosplanosdesaude.com.br\/amil\/wp-content\/uploads\/2022\/04\/startup-business-team-meeting-modern-bright-office-interior-working-laptop2-247x300.jpg 247w, https:\/\/todosplanosdesaude.com.br\/amil\/wp-content\/uploads\/2022\/04\/startup-business-team-meeting-modern-bright-office-interior-working-laptop2-768x935.jpg 768w, https:\/\/todosplanosdesaude.com.br\/amil\/wp-content\/uploads\/2022\/04\/startup-business-team-meeting-modern-bright-office-interior-working-laptop2-1262x1536.jpg 1262w, https:\/\/todosplanosdesaude.com.br\/amil\/wp-content\/uploads\/2022\/04\/startup-business-team-meeting-modern-bright-office-interior-working-laptop2-1683x2048.jpg 1683w\" sizes=\"auto, (max-width: 841px) 100vw, 841px\" \/>\t\t\t\t\t\t\n\t\t\t\t\t<\/div>\n\t\t\t\t\t\t\t\t\n<style>\n#image_1286657119 {\n  width: 100%;\n}\n<\/style>\n\t<\/div>\n\t\n\n<h2>Plano de Sa\u00fade PME<\/h2>\n<p>Empresas com at\u00e9 29 vidas podem contratar planos para colaboradores ou familiares, como c\u00f4njuges e filhos, com ampla cobertura e condi\u00e7\u00f5es exclusivas de contrata\u00e7\u00e3o.<\/p>\n<a href=\"https:\/\/todosplanosdesaude.com.br\/amil\/orcamento\/\" target=\"_self\" class=\"button primary\"  >\n    <span>SIMULAR PLANO<\/span>\n  <\/a>\n\n\n\n\t\t<\/div>\n\t\t\t<\/div>\n\n\t\n\n\t<div id=\"col-875363488\" class=\"col medium-3 small-6 large-3\"  >\n\t\t<div class=\"col-inner\"  >\n\t\t\t\n\t\t\t\n\n\t<div class=\"img has-hover x md-x lg-x y md-y lg-y\" id=\"image_1379457068\">\n\t\t\t\t\t\t\t\t<div class=\"img-inner image-cover dark\" style=\"padding-top:228px;\">\n\t\t\t<img loading=\"lazy\" decoding=\"async\" width=\"1020\" height=\"685\" src=\"https:\/\/todosplanosdesaude.com.br\/amil\/wp-content\/uploads\/2022\/04\/group-business-people-meeting2-1024x688.jpg\" class=\"attachment-large size-large\" alt=\"\" srcset=\"https:\/\/todosplanosdesaude.com.br\/amil\/wp-content\/uploads\/2022\/04\/group-business-people-meeting2-1024x688.jpg 1024w, https:\/\/todosplanosdesaude.com.br\/amil\/wp-content\/uploads\/2022\/04\/group-business-people-meeting2-300x202.jpg 300w, https:\/\/todosplanosdesaude.com.br\/amil\/wp-content\/uploads\/2022\/04\/group-business-people-meeting2-768x516.jpg 768w, https:\/\/todosplanosdesaude.com.br\/amil\/wp-content\/uploads\/2022\/04\/group-business-people-meeting2-1536x1033.jpg 1536w, https:\/\/todosplanosdesaude.com.br\/amil\/wp-content\/uploads\/2022\/04\/group-business-people-meeting2-2048x1377.jpg 2048w\" sizes=\"auto, (max-width: 1020px) 100vw, 1020px\" \/>\t\t\t\t\t\t\n\t\t\t\t\t<\/div>\n\t\t\t\t\t\t\t\t\n<style>\n#image_1379457068 {\n  width: 100%;\n}\n<\/style>\n\t<\/div>\n\t\n\n<h2>Plano Amil Empresarial<\/h2>\n<p>Para empresas com mais de 29 vidas, o plano empresarial oferece car\u00eancia zero, cobertura nacional e excelente custo-benef\u00edcio para cuidar dos colaboradores.<\/p>\n<a href=\"https:\/\/todosplanosdesaude.com.br\/amil\/orcamento\/\" target=\"_self\" class=\"button primary\"  >\n    <span>SIMULAR PLANO<\/span>\n  <\/a>\n\n\n\n\t\t<\/div>\n\t\t\t<\/div>\n\n\t\n\n<\/div>\n\n\t\t<\/div>\n\n\t\t\n<style>\n#section_1216634926 {\n  padding-top: 30px;\n  padding-bottom: 30px;\n}\n<\/style>\n\t<\/section>\n\t\n\t<section class=\"section dark\" id=\"section_807008249\">\n\t\t<div class=\"bg section-bg fill bg-fill  bg-loaded\" >\n\n\t\t\t\n\t\t\t<div class=\"section-bg-overlay absolute fill\"><\/div>\n\t\t\t\n\n\t\t<\/div>\n\n\t\t<div class=\"section-content relative\">\n\t\t\t\n\n<div class=\"row align-middle align-center\"  id=\"row-435268855\">\n\n\n\t<div id=\"col-692885795\" class=\"col medium-10 small-12 large-10\"  >\n\t\t<div class=\"col-inner text-center\"  >\n\t\t\t\n\t\t\t\n\n\t<div id=\"text-2690118102\" class=\"text\">\n\t\t\n\n<h2><strong>Or\u00e7amento Plano de Sa\u00fade<\/strong><\/h2>\n\t\t\n<style>\n#text-2690118102 {\n  text-align: center;\n}\n<\/style>\n\t<\/div>\n\t\n\t<div id=\"text-3412882827\" class=\"text\">\n\t\t\n\nSimule seu <strong>Planos de Sa\u00fade Amil Piraju<\/strong> pelo site!\n\t\t\n<style>\n#text-3412882827 {\n  font-size: 1.25rem;\n  text-align: center;\n}\n<\/style>\n\t<\/div>\n\t\n\t<div id=\"gap-1762287495\" class=\"gap-element clearfix\" style=\"display:block; height:auto;\">\n\t\t\n<style>\n#gap-1762287495 {\n  padding-top: 30px;\n}\n<\/style>\n\t<\/div>\n\t\n\n<a href=\"https:\/\/todosplanosdesaude.com.br\/amil\/orcamento\/\" target=\"_self\" class=\"button white\"  >\n    <span>SIMULAR PLANo<\/span>\n  <\/a>\n\n\n\n\t\t<\/div>\n\t\t\t<\/div>\n\n\t\n\n<\/div>\n\n\t\t<\/div>\n\n\t\t\n<style>\n#section_807008249 {\n  padding-top: 30px;\n  padding-bottom: 30px;\n}\n#section_807008249 .section-bg-overlay {\n  background-color: #138aff;\n}\n<\/style>\n\t<\/section>\n\t\n\t<section class=\"section\" id=\"section_881598421\">\n\t\t<div class=\"bg section-bg fill bg-fill  bg-loaded\" >\n\n\t\t\t\n\t\t\t<div class=\"section-bg-overlay absolute fill\"><\/div>\n\t\t\t\n\n\t\t<\/div>\n\n\t\t<div class=\"section-content relative\">\n\t\t\t\n\n<div class=\"row\"  id=\"row-1504700229\">\n\n\n\t<div id=\"col-692356957\" class=\"col small-12 large-12\"  >\n\t\t<div class=\"col-inner\"  >\n\t\t\t\n\t\t\t\n\n\t<div id=\"text-388349068\" class=\"text\">\n\t\t\n\n<h2><strong>D\u00favidas Frequentes Amil Piraju<\/strong><\/h2>\n\t\t\n<style>\n#text-388349068 {\n  text-align: left;\n}\n<\/style>\n\t<\/div>\n\t\n<h3>Como funciona a coparticipa\u00e7\u00e3o no plano Amil Piraju?<\/h3>\n<p>Coparticipa\u00e7\u00e3o \u00e9 uma modalidade onde o benefici\u00e1rio paga parte do custo do atendimento, como consultas ou interna\u00e7\u00f5es. Em troca, a mensalidade do plano \u00e9 mais baixa. A cobran\u00e7a aparece na fatura ou pode ser descontada do holerite em contratos empresariais.<\/p>\n<h3>Quais procedimentos da Amil Piraju t\u00eam coparticipa\u00e7\u00e3o?<\/h3>\n<p>Depende do contrato, mas geralmente incluem: consultas de urg\u00eancia e eletivas, terapias, exames simples e especiais, al\u00e9m de interna\u00e7\u00f5es. Sempre verifique as condi\u00e7\u00f5es espec\u00edficas do seu plano.<\/p>\n<h3>Como \u00e9 calculado o valor da coparticipa\u00e7\u00e3o Amil Piraju?<\/h3>\n<p>Normalmente, \u00e9 aplicado um percentual sobre o valor do atendimento cobrado pelo prestador. Para interna\u00e7\u00f5es, o valor costuma ser fixo. Consulte seu contrato ou o RH da empresa para detalhes.<\/p>\n<h3>A telemedicina Amil Piraju tem coparticipa\u00e7\u00e3o?<\/h3>\n<p>Sim. O pronto atendimento virtual da Amil \u00e9 enquadrado como \"Consulta hospitalar \u2013 Pronto-socorro\", e segue a mesma regra de cobran\u00e7a da coparticipa\u00e7\u00e3o prevista nesse grupo.<\/p>\n<h3>Consultas e terapias virtuais Amil Piraju tamb\u00e9m t\u00eam coparticipa\u00e7\u00e3o?<\/h3>\n<p>Sim. As regras s\u00e3o as mesmas do atendimento presencial. Se for consulta, aplica-se a coparticipa\u00e7\u00e3o para consulta. Se for terapia, segue a regra de terapias.<\/p>\n<h3>Existe diferen\u00e7a na coparticipa\u00e7\u00e3o entre atendimentos presenciais e virtuais Amil Piraju?<\/h3>\n<p>N\u00e3o. A regra \u00e9 igual para ambos. Por\u00e9m, o valor pode variar, j\u00e1 que depende do que o prestador cobra. Veja exemplo: consulta presencial de R$ 100 gera coparticipa\u00e7\u00e3o de R$ 30 (30%). J\u00e1 consulta virtual de R$ 50 gera R$ 15.<\/p>\n<h3>Onde vejo os valores de coparticipa\u00e7\u00e3o no plano Amil Piraju?<\/h3>\n<p>Voc\u00ea pode consultar o extrato de coparticipa\u00e7\u00e3o na \u00e1rea logada do site da Amil. L\u00e1 est\u00e3o listados os valores cobrados, datas, prestadores e procedimentos realizados.<\/p>\n<h3>Qual o prazo para a cobran\u00e7a de coparticipa\u00e7\u00e3o no plano Amil Piraju?<\/h3>\n<p>As cobran\u00e7as acompanham o envio da fatura pelo prestador de servi\u00e7os e podem ser lan\u00e7adas at\u00e9 90 dias ap\u00f3s a realiza\u00e7\u00e3o do atendimento.<\/p>\n<h3>Pagamentos \u00e0 Amil Piraju podem ser deduzidos no Imposto de Renda?<\/h3>\n<p>Sim. Voc\u00ea pode solicitar \u00e0 Central de Atendimento da Amil ou acessar o site para obter a declara\u00e7\u00e3o dos valores pagos ao longo do ano.<\/p>\n<h3>O que acontece se eu atrasar o pagamento do plano Amil Piraju?<\/h3>\n<p>Haver\u00e1 cobran\u00e7a de multa e juros. Se o total de dias em atraso ultrapassar 60 dias em um per\u00edodo de 12 meses, o contrato pode ser cancelado.<\/p>\n<h3>Meu contrato Amil Piraju pode ser cancelado por inadimpl\u00eancia?<\/h3>\n<p>Sim. O contrato poder\u00e1 ser encerrado se houver um total de 60 dias de atraso (seguidos ou n\u00e3o) acumulados nos \u00faltimos 12 meses.<\/p>\n<h3>Posso escolher a data de vencimento do plano Amil Piraju?<\/h3>\n<p>N\u00e3o. A data de vencimento ser\u00e1 a mesma do dia em que for feita a assinatura da solicita\u00e7\u00e3o de ades\u00e3o ao plano de sa\u00fade.<\/p>\n<h3>Quais formas de pagamento est\u00e3o dispon\u00edveis na Amil Piraju?<\/h3>\n<p>Para planos individuais (m\u00e9dico): boleto, DDA e d\u00e9bito autom\u00e1tico. Para odontol\u00f3gico: boleto, DDA, d\u00e9bito autom\u00e1tico e cart\u00e3o. Empresarial (PME ou corporativo): boleto, DDA, d\u00e9bito, cart\u00e3o e BoleCode Pix.<\/p>\n<h3>O que \u00e9 reembolso na Amil Piraju?<\/h3>\n<p>\u00c9 a devolu\u00e7\u00e3o de valores pagos em atendimentos cobertos pelo plano, realizados fora da rede credenciada, respeitando as condi\u00e7\u00f5es e os limites do contrato vigente.<\/p>\n\n\t\t<\/div>\n\t\t\t<\/div>\n\n\t\n\n<\/div>\n\n\t\t<\/div>\n\n\t\t\n<style>\n#section_881598421 {\n  padding-top: 30px;\n  padding-bottom: 30px;\n}\n#section_881598421 .section-bg-overlay {\n  background-color: rgb(199, 199, 199);\n}\n<\/style>\n\t<\/section>\n\t\n","protected":false},"excerpt":{"rendered":"","protected":false},"author":0,"featured_media":0,"parent":0,"menu_order":0,"comment_status":"closed","ping_status":"closed","template":"page-blank.php","meta":{"footnotes":""},"class_list":["post-5505","page","type-page","status-publish","hentry"],"yoast_head":"<!-- This site is optimized with the Yoast SEO plugin v25.3.1 - https:\/\/yoast.com\/wordpress\/plugins\/seo\/ -->\n<title>Piraju - Plano de Sa\u00fade Amil<\/title>\n<meta name=\"robots\" content=\"index, follow, max-snippet:-1, max-image-preview:large, max-video-preview:-1\" \/>\n<link rel=\"canonical\" href=\"https:\/\/todosplanosdesaude.com.br\/amil\/piraju\/\" \/>\n<meta property=\"og:locale\" content=\"en_US\" \/>\n<meta property=\"og:type\" content=\"article\" \/>\n<meta property=\"og:title\" content=\"Piraju - Plano de Sa\u00fade Amil\" \/>\n<meta property=\"og:url\" content=\"https:\/\/todosplanosdesaude.com.br\/amil\/piraju\/\" \/>\n<meta property=\"og:site_name\" content=\"Plano de Sa\u00fade Amil\" \/>\n<meta name=\"twitter:card\" content=\"summary_large_image\" \/>\n<script type=\"application\/ld+json\" class=\"yoast-schema-graph\">{\"@context\":\"https:\/\/schema.org\",\"@graph\":[{\"@type\":\"WebPage\",\"@id\":\"https:\/\/todosplanosdesaude.com.br\/amil\/piraju\/\",\"url\":\"https:\/\/todosplanosdesaude.com.br\/amil\/piraju\/\",\"name\":\"Piraju - Plano de Sa\u00fade Amil\",\"isPartOf\":{\"@id\":\"\/#website\"},\"datePublished\":\"2025-04-03T16:27:25+00:00\",\"breadcrumb\":{\"@id\":\"https:\/\/todosplanosdesaude.com.br\/amil\/piraju\/#breadcrumb\"},\"inLanguage\":\"en-US\",\"potentialAction\":[{\"@type\":\"ReadAction\",\"target\":[\"https:\/\/todosplanosdesaude.com.br\/amil\/piraju\/\"]}]},{\"@type\":\"BreadcrumbList\",\"@id\":\"https:\/\/todosplanosdesaude.com.br\/amil\/piraju\/#breadcrumb\",\"itemListElement\":[{\"@type\":\"ListItem\",\"position\":1,\"name\":\"Home\",\"item\":\"https:\/\/todosplanosdesaude.com.br\/amil\/\"},{\"@type\":\"ListItem\",\"position\":2,\"name\":\"Piraju\"}]},{\"@type\":\"WebSite\",\"@id\":\"\/#website\",\"url\":\"\/\",\"name\":\"Plano de Sa\u00fade Amil\",\"description\":\"\",\"potentialAction\":[{\"@type\":\"SearchAction\",\"target\":{\"@type\":\"EntryPoint\",\"urlTemplate\":\"\/?s={search_term_string}\"},\"query-input\":{\"@type\":\"PropertyValueSpecification\",\"valueRequired\":true,\"valueName\":\"search_term_string\"}}],\"inLanguage\":\"en-US\"}]}<\/script>\n<!-- \/ Yoast SEO plugin. -->","yoast_head_json":{"title":"Piraju - Plano de Sa\u00fade Amil","robots":{"index":"index","follow":"follow","max-snippet":"max-snippet:-1","max-image-preview":"max-image-preview:large","max-video-preview":"max-video-preview:-1"},"canonical":"https:\/\/todosplanosdesaude.com.br\/amil\/piraju\/","og_locale":"en_US","og_type":"article","og_title":"Piraju - Plano de Sa\u00fade Amil","og_url":"https:\/\/todosplanosdesaude.com.br\/amil\/piraju\/","og_site_name":"Plano de Sa\u00fade Amil","twitter_card":"summary_large_image","schema":{"@context":"https:\/\/schema.org","@graph":[{"@type":"WebPage","@id":"https:\/\/todosplanosdesaude.com.br\/amil\/piraju\/","url":"https:\/\/todosplanosdesaude.com.br\/amil\/piraju\/","name":"Piraju - Plano de Sa\u00fade Amil","isPartOf":{"@id":"\/#website"},"datePublished":"2025-04-03T16:27:25+00:00","breadcrumb":{"@id":"https:\/\/todosplanosdesaude.com.br\/amil\/piraju\/#breadcrumb"},"inLanguage":"en-US","potentialAction":[{"@type":"ReadAction","target":["https:\/\/todosplanosdesaude.com.br\/amil\/piraju\/"]}]},{"@type":"BreadcrumbList","@id":"https:\/\/todosplanosdesaude.com.br\/amil\/piraju\/#breadcrumb","itemListElement":[{"@type":"ListItem","position":1,"name":"Home","item":"https:\/\/todosplanosdesaude.com.br\/amil\/"},{"@type":"ListItem","position":2,"name":"Piraju"}]},{"@type":"WebSite","@id":"\/#website","url":"\/","name":"Plano de Sa\u00fade Amil","description":"","potentialAction":[{"@type":"SearchAction","target":{"@type":"EntryPoint","urlTemplate":"\/?s={search_term_string}"},"query-input":{"@type":"PropertyValueSpecification","valueRequired":true,"valueName":"search_term_string"}}],"inLanguage":"en-US"}]}},"_links":{"self":[{"href":"https:\/\/todosplanosdesaude.com.br\/amil\/wp-json\/wp\/v2\/pages\/5505","targetHints":{"allow":["GET"]}}],"collection":[{"href":"https:\/\/todosplanosdesaude.com.br\/amil\/wp-json\/wp\/v2\/pages"}],"about":[{"href":"https:\/\/todosplanosdesaude.com.br\/amil\/wp-json\/wp\/v2\/types\/page"}],"replies":[{"embeddable":true,"href":"https:\/\/todosplanosdesaude.com.br\/amil\/wp-json\/wp\/v2\/comments?post=5505"}],"version-history":[{"count":0,"href":"https:\/\/todosplanosdesaude.com.br\/amil\/wp-json\/wp\/v2\/pages\/5505\/revisions"}],"wp:attachment":[{"href":"https:\/\/todosplanosdesaude.com.br\/amil\/wp-json\/wp\/v2\/media?parent=5505"}],"curies":[{"name":"wp","href":"https:\/\/api.w.org\/{rel}","templated":true}]}}