{"id":7262,"date":"2026-01-19T18:17:22","date_gmt":"2026-01-19T18:17:22","guid":{"rendered":"https:\/\/todosplanosdesaude.com.br\/amil\/?page_id=7262"},"modified":"2026-01-19T18:32:56","modified_gmt":"2026-01-19T18:32:56","slug":"amil-prata","status":"publish","type":"page","link":"https:\/\/todosplanosdesaude.com.br\/amil\/amil-prata\/","title":{"rendered":"Amil Prata"},"content":{"rendered":"  <div id=\"page-header-2010739947\" class=\"page-header-wrapper\">\n  <div class=\"page-title hide-for-small dark featured-title\">\n\n    \n    <div class=\"page-title-inner container align-bottom text-center flex-row-col medium-flex-wrap\" >\n              <div class=\"title-wrapper uppercase flex-col\">\n          <h1 class=\"entry-title mb-0\">\n            Amil Prata          <\/h1>\n        <\/div>\n                    <div class=\"title-content flex-col\">\n        <div class=\"title-breadcrumbs pb-half pt-half\"><\/div>      <\/div>\n    <\/div>\n\n     \n<style>\n#page-header-2010739947 .page-title-inner {\n  min-height: 0px;\n}\n#page-header-2010739947 {\n  margin-bottom: 0px;\n}\n<\/style>\n  <\/div>\n    <\/div>\n  \n\t<section class=\"section\" id=\"section_612973269\">\n\t\t<div class=\"bg section-bg fill bg-fill  bg-loaded\" >\n\n\t\t\t\n\t\t\t\n\t\t\t\n\n\t\t<\/div>\n\n\t\t<div class=\"section-content relative\">\n\t\t\t\n<div class=\"row align-middle\"  id=\"row-833440654\">\n\n\t<div id=\"col-167506297\" class=\"col medium-6 small-12 large-6\"  >\n\t\t<div class=\"col-inner\"  >\n\t\t\t\n\t\t\t\n<p>O Amil Prata \u00e9 um plano de sa\u00fade indicado para quem busca um n\u00edvel superior de cobertura, oferecendo acesso ampliado a consultas, exames e interna\u00e7\u00f5es dentro de uma rede credenciada mais abrangente.<\/p>\n<p>\u00c9 uma op\u00e7\u00e3o voltada para benefici\u00e1rios e empresas que desejam mais comodidade no uso do plano, mantendo controle financeiro e previsibilidade de custos.<\/p>\n<p>O foco est\u00e1 no equil\u00edbrio entre cobertura ampliada, seguran\u00e7a assistencial e melhor experi\u00eancia de atendimento.<\/p>\n\t\t<\/div>\n\t\t\t<\/div>\n\n\t\n\n\t<div id=\"col-1603987801\" class=\"col medium-6 small-12 large-6\"  >\n\t\t<div class=\"col-inner\"  >\n\t\t\t\n\t\t\t\n\t<div class=\"img has-hover x md-x lg-x y md-y lg-y\" id=\"image_1753612568\">\n\t\t\t\t\t\t\t\t<div class=\"img-inner dark\" >\n\t\t\t<img loading=\"lazy\" decoding=\"async\" width=\"279\" height=\"181\" src=\"https:\/\/todosplanosdesaude.com.br\/amil\/wp-content\/uploads\/2026\/01\/amil-prata.jpg\" class=\"attachment-large size-large\" alt=\"\" \/>\t\t\t\t\t\t\n\t\t\t\t\t<\/div>\n\t\t\t\t\t\t\t\t\n<style>\n#image_1753612568 {\n  width: 100%;\n}\n<\/style>\n\t<\/div>\n\t\n\t\t<\/div>\n\t\t\t<\/div>\n\n\t\n<\/div>\n<div class=\"row\"  id=\"row-351060718\">\n\n\t<div id=\"col-1989286355\" class=\"col medium-6 small-12 large-6\"  >\n\t\t<div class=\"col-inner\"  >\n\t\t\t\n\t\t\t\n<div class=\"container section-title-container\" ><h3 class=\"section-title section-title-normal\"><b><\/b><span class=\"section-title-main\" >Plano Amil Prata<\/span><b><\/b><\/h3><\/div>\n<p>O Plano Amil Prata oferece cobertura ambulatorial e hospitalar conforme a segmenta\u00e7\u00e3o contratada, seguindo integralmente as normas da ANS, com acesso ampliado \u00e0 estrutura assistencial da Amil.<\/p>\n<p>O Plano Amil Prata disponibiliza atendimento m\u00e9dico e hospitalar dentro dos padr\u00f5es regulat\u00f3rios, garantindo suporte assistencial organizado, rede credenciada mais ampla e servi\u00e7os essenciais para o cuidado cont\u00ednuo com a sa\u00fade.<\/p>\n<div class=\"container section-title-container\" ><h3 class=\"section-title section-title-normal\"><b><\/b><span class=\"section-title-main\" >Diferenciais Amil Prata<\/span><b><\/b><\/h3><\/div>\n<p>\n<i class=\"icon-checkmark\"><\/i> <strong>Cobertura ampliada:<\/strong> acesso a uma rede credenciada mais extensa em rela\u00e7\u00e3o aos planos de entrada.<br \/>\n<i class=\"icon-checkmark\"><\/i> <strong>Rede credenciada regional e ampliada:<\/strong> hospitais, cl\u00ednicas e laborat\u00f3rios com maior variedade de prestadores.<br \/>\n<i class=\"icon-checkmark\"><\/i> <strong>Urg\u00eancia e emerg\u00eancia:<\/strong> atendimento garantido conforme regras contratuais e legisla\u00e7\u00e3o vigente.<br \/>\n<i class=\"icon-checkmark\"><\/i> <strong>Coparticipa\u00e7\u00e3o opcional:<\/strong> possibilidade de ajustar o plano ao perfil de uso e or\u00e7amento.<br \/>\n<i class=\"icon-checkmark\"><\/i> <strong>Gest\u00e3o Amil:<\/strong> acesso \u00e0 experi\u00eancia, estrutura e solidez de uma das maiores operadoras do pa\u00eds.<\/p>\n\t\t<\/div>\n\t\t\t<\/div>\n\n\t\n\n\t<div id=\"col-1856004662\" class=\"col medium-6 small-12 large-6\"  >\n\t\t<div class=\"col-inner\"  >\n\t\t\t\n\t\t\t\n<div class=\"container section-title-container\" ><h3 class=\"section-title section-title-normal\"><b><\/b><span class=\"section-title-main\" >Modalidades de contrata\u00e7\u00e3o<\/span><b><\/b><\/h3><\/div>\n<p><strong>Hospitalar com Obstetr\u00edcia<\/strong><br \/>\n\u25aa Atendimento em Pronto Socorro (para urg\u00eancia e emerg\u00eancia);<br \/>\n\u25aa Cirurgias;<br \/>\n\u25aa Interna\u00e7\u00f5es hospitalares;<br \/>\n\u25aa Partos (inclui cobertura assistencial ao rec\u00e9m-nascido durante os primeiros 30 dias ap\u00f3s o parto).<\/p>\n<p><strong>Ambulatorial e Hospitalar com Obstetr\u00edcia<\/strong><br \/>\n\u25aa Consultas;<br \/>\n\u25aa Exames;<br \/>\n\u25aa Atendimento em Pronto Socorro;<br \/>\n\u25aa Cirurgias;<br \/>\n\u25aa Interna\u00e7\u00f5es hospitalares;<br \/>\n\u25aa Partos (inclui cobertura assistencial ao rec\u00e9m-nascido durante os primeiros 30 dias ap\u00f3s o parto)<\/p>\n<p style=\"font-size:15px\"><i class=\"icon-checkmark\"><\/i> Consultas e exames exclusivamente para gestantes, em acompanhamento pr\u00e9-natal;<br \/>\n<i class=\"icon-checkmark\"><\/i> Procedimentos especiais necess\u00e1rios para continuidade da assist\u00eancia prestada em n\u00edvel de interna\u00e7\u00e3o hospitalar, como: Hemodi\u00e1lises, quimioterapias, radioterapias, fisioterapias entre outros.<\/p>\n\t\t<\/div>\n\t\t\t<\/div>\n\n\t\n<p><!-- nao editar daqui pra baixo --><\/p>\n<\/div>\n<div class=\"row align-middle\"  id=\"row-1253052386\">\n\n\t<div id=\"col-1107434674\" class=\"col medium-6 small-12 large-6\"  >\n\t\t<div class=\"col-inner\"  >\n\t\t\t\n\t\t\t\n\t<div class=\"img has-hover x md-x lg-x y md-y lg-y\" id=\"image_617947972\">\n\t\t\t\t\t\t\t\t<div class=\"img-inner dark\" >\n\t\t\t<img loading=\"lazy\" decoding=\"async\" width=\"720\" height=\"400\" src=\"https:\/\/todosplanosdesaude.com.br\/amil\/wp-content\/uploads\/2022\/04\/Rede-Credenciada-1.jpg\" class=\"attachment-large size-large\" alt=\"\" srcset=\"https:\/\/todosplanosdesaude.com.br\/amil\/wp-content\/uploads\/2022\/04\/Rede-Credenciada-1.jpg 720w, https:\/\/todosplanosdesaude.com.br\/amil\/wp-content\/uploads\/2022\/04\/Rede-Credenciada-1-300x167.jpg 300w\" sizes=\"auto, (max-width: 720px) 100vw, 720px\" \/>\t\t\t\t\t\t\n\t\t\t\t\t<\/div>\n\t\t\t\t\t\t\t\t\n<style>\n#image_617947972 {\n  width: 100%;\n}\n<\/style>\n\t<\/div>\n\t\n\t\t<\/div>\n\t\t\t<\/div>\n\n\t\n\n\t<div id=\"col-1094504106\" class=\"col medium-6 small-12 large-6\"  >\n\t\t<div class=\"col-inner\"  >\n\t\t\t\n\t\t\t\n<div class=\"container section-title-container\" ><h3 class=\"section-title section-title-normal\"><b><\/b><span class=\"section-title-main\" >REDE CREDENCIADA<\/span><b><\/b><\/h3><\/div>\n<p>Com uma rede que engloba mais de 1700 hospitais e mais de 6000 laborat\u00f3rios em todo o territ\u00f3rio nacional, a Amil se destaca como uma das primeiras escolhas para contrata\u00e7\u00e3o no mercado.<\/p>\n<p>Sua rede credenciada oferece cobertura nacional e \u00e9 composta por profissionais altamente qualificados.<\/p>\n<p>O processo de referenciamento \u00e9 meticuloso, visando a excel\u00eancia em qualidade e uma gest\u00e3o cont\u00ednua do desempenho da rede.<\/p>\n\t\t<\/div>\n\t\t\t<\/div>\n\n\t\n<\/div>\n\t\t<\/div>\n\n\t\t\n<style>\n#section_612973269 {\n  padding-top: 30px;\n  padding-bottom: 30px;\n}\n<\/style>\n\t<\/section>\n\t\n","protected":false},"excerpt":{"rendered":"","protected":false},"author":1,"featured_media":0,"parent":0,"menu_order":0,"comment_status":"closed","ping_status":"closed","template":"page-blank.php","meta":{"footnotes":""},"class_list":["post-7262","page","type-page","status-publish","hentry"],"yoast_head":"<!-- This site is optimized with the Yoast SEO plugin v25.3.1 - https:\/\/yoast.com\/wordpress\/plugins\/seo\/ -->\n<title>Amil Prata - Plano de Sa\u00fade Amil<\/title>\n<meta name=\"robots\" content=\"index, follow, max-snippet:-1, max-image-preview:large, max-video-preview:-1\" \/>\n<link rel=\"canonical\" href=\"https:\/\/todosplanosdesaude.com.br\/amil\/amil-prata\/\" \/>\n<meta property=\"og:locale\" content=\"en_US\" \/>\n<meta property=\"og:type\" content=\"article\" \/>\n<meta property=\"og:title\" content=\"Amil Prata - Plano de Sa\u00fade Amil\" \/>\n<meta property=\"og:url\" content=\"https:\/\/todosplanosdesaude.com.br\/amil\/amil-prata\/\" \/>\n<meta property=\"og:site_name\" content=\"Plano de Sa\u00fade Amil\" \/>\n<meta property=\"article:modified_time\" content=\"2026-01-19T18:32:56+00:00\" \/>\n<meta name=\"twitter:card\" content=\"summary_large_image\" \/>\n<meta name=\"twitter:label1\" content=\"Est. reading time\" \/>\n\t<meta name=\"twitter:data1\" content=\"2 minutes\" \/>\n<script type=\"application\/ld+json\" class=\"yoast-schema-graph\">{\"@context\":\"https:\/\/schema.org\",\"@graph\":[{\"@type\":\"WebPage\",\"@id\":\"https:\/\/todosplanosdesaude.com.br\/amil\/amil-prata\/\",\"url\":\"https:\/\/todosplanosdesaude.com.br\/amil\/amil-prata\/\",\"name\":\"Amil Prata - Plano de Sa\u00fade Amil\",\"isPartOf\":{\"@id\":\"\/#website\"},\"datePublished\":\"2026-01-19T18:17:22+00:00\",\"dateModified\":\"2026-01-19T18:32:56+00:00\",\"breadcrumb\":{\"@id\":\"https:\/\/todosplanosdesaude.com.br\/amil\/amil-prata\/#breadcrumb\"},\"inLanguage\":\"en-US\",\"potentialAction\":[{\"@type\":\"ReadAction\",\"target\":[\"https:\/\/todosplanosdesaude.com.br\/amil\/amil-prata\/\"]}]},{\"@type\":\"BreadcrumbList\",\"@id\":\"https:\/\/todosplanosdesaude.com.br\/amil\/amil-prata\/#breadcrumb\",\"itemListElement\":[{\"@type\":\"ListItem\",\"position\":1,\"name\":\"Home\",\"item\":\"https:\/\/todosplanosdesaude.com.br\/amil\/\"},{\"@type\":\"ListItem\",\"position\":2,\"name\":\"Amil Prata\"}]},{\"@type\":\"WebSite\",\"@id\":\"\/#website\",\"url\":\"\/\",\"name\":\"Plano de Sa\u00fade Amil\",\"description\":\"\",\"potentialAction\":[{\"@type\":\"SearchAction\",\"target\":{\"@type\":\"EntryPoint\",\"urlTemplate\":\"\/?s={search_term_string}\"},\"query-input\":{\"@type\":\"PropertyValueSpecification\",\"valueRequired\":true,\"valueName\":\"search_term_string\"}}],\"inLanguage\":\"en-US\"}]}<\/script>\n<!-- \/ Yoast SEO plugin. -->","yoast_head_json":{"title":"Amil Prata - Plano de Sa\u00fade Amil","robots":{"index":"index","follow":"follow","max-snippet":"max-snippet:-1","max-image-preview":"max-image-preview:large","max-video-preview":"max-video-preview:-1"},"canonical":"https:\/\/todosplanosdesaude.com.br\/amil\/amil-prata\/","og_locale":"en_US","og_type":"article","og_title":"Amil Prata - Plano de Sa\u00fade Amil","og_url":"https:\/\/todosplanosdesaude.com.br\/amil\/amil-prata\/","og_site_name":"Plano de Sa\u00fade Amil","article_modified_time":"2026-01-19T18:32:56+00:00","twitter_card":"summary_large_image","twitter_misc":{"Est. reading time":"2 minutes"},"schema":{"@context":"https:\/\/schema.org","@graph":[{"@type":"WebPage","@id":"https:\/\/todosplanosdesaude.com.br\/amil\/amil-prata\/","url":"https:\/\/todosplanosdesaude.com.br\/amil\/amil-prata\/","name":"Amil Prata - Plano de Sa\u00fade Amil","isPartOf":{"@id":"\/#website"},"datePublished":"2026-01-19T18:17:22+00:00","dateModified":"2026-01-19T18:32:56+00:00","breadcrumb":{"@id":"https:\/\/todosplanosdesaude.com.br\/amil\/amil-prata\/#breadcrumb"},"inLanguage":"en-US","potentialAction":[{"@type":"ReadAction","target":["https:\/\/todosplanosdesaude.com.br\/amil\/amil-prata\/"]}]},{"@type":"BreadcrumbList","@id":"https:\/\/todosplanosdesaude.com.br\/amil\/amil-prata\/#breadcrumb","itemListElement":[{"@type":"ListItem","position":1,"name":"Home","item":"https:\/\/todosplanosdesaude.com.br\/amil\/"},{"@type":"ListItem","position":2,"name":"Amil Prata"}]},{"@type":"WebSite","@id":"\/#website","url":"\/","name":"Plano de Sa\u00fade Amil","description":"","potentialAction":[{"@type":"SearchAction","target":{"@type":"EntryPoint","urlTemplate":"\/?s={search_term_string}"},"query-input":{"@type":"PropertyValueSpecification","valueRequired":true,"valueName":"search_term_string"}}],"inLanguage":"en-US"}]}},"_links":{"self":[{"href":"https:\/\/todosplanosdesaude.com.br\/amil\/wp-json\/wp\/v2\/pages\/7262","targetHints":{"allow":["GET"]}}],"collection":[{"href":"https:\/\/todosplanosdesaude.com.br\/amil\/wp-json\/wp\/v2\/pages"}],"about":[{"href":"https:\/\/todosplanosdesaude.com.br\/amil\/wp-json\/wp\/v2\/types\/page"}],"author":[{"embeddable":true,"href":"https:\/\/todosplanosdesaude.com.br\/amil\/wp-json\/wp\/v2\/users\/1"}],"replies":[{"embeddable":true,"href":"https:\/\/todosplanosdesaude.com.br\/amil\/wp-json\/wp\/v2\/comments?post=7262"}],"version-history":[{"count":0,"href":"https:\/\/todosplanosdesaude.com.br\/amil\/wp-json\/wp\/v2\/pages\/7262\/revisions"}],"wp:attachment":[{"href":"https:\/\/todosplanosdesaude.com.br\/amil\/wp-json\/wp\/v2\/media?parent=7262"}],"curies":[{"name":"wp","href":"https:\/\/api.w.org\/{rel}","templated":true}]}}

<div id="page-header-2010739947" class="page-header-wrapper">
  <div class="page-title hide-for-small dark featured-title">

    
    <div class="page-title-inner container align-bottom text-center flex-row-col medium-flex-wrap" >
              <div class="title-wrapper uppercase flex-col">
          <h1 class="entry-title mb-0">
            Amil Prata          </h1>
        </div>
                    <div class="title-content flex-col">
        <div class="title-breadcrumbs pb-half pt-half"></div>      </div>
    </div>

     
<style>
#page-header-2010739947 .page-title-inner {
  min-height: 0px;
}
#page-header-2010739947 {
  margin-bottom: 0px;
}
</style>
  </div>
    </div>
  
	<section class="section" id="section_612973269">
		<div class="bg section-bg fill bg-fill  bg-loaded" >

			
			
			

		</div>

		<div class="section-content relative">
			
<div class="row align-middle"  id="row-833440654">

	<div id="col-167506297" class="col medium-6 small-12 large-6"  >
		<div class="col-inner"  >
			
			
<p>O Amil Prata é um plano de saúde indicado para quem busca um nível superior de cobertura, oferecendo acesso ampliado a consultas, exames e internações dentro de uma rede credenciada mais abrangente.</p>
<p>É uma opção voltada para beneficiários e empresas que desejam mais comodidade no uso do plano, mantendo controle financeiro e previsibilidade de custos.</p>
<p>O foco está no equilíbrio entre cobertura ampliada, segurança assistencial e melhor experiência de atendimento.</p>
		</div>
			</div>

	

	<div id="col-1603987801" class="col medium-6 small-12 large-6"  >
		<div class="col-inner"  >
			
			
	<div class="img has-hover x md-x lg-x y md-y lg-y" id="image_1753612568">
								<div class="img-inner dark" >
			<img loading="lazy" decoding="async" width="279" height="181" src="https://todosplanosdesaude.com.br/amil/wp-content/uploads/2026/01/amil-prata.jpg" class="attachment-large size-large" alt="" />						
					</div>
								
<style>
#image_1753612568 {
  width: 100%;
}
</style>
	</div>
	
		</div>
			</div>

	
</div>
<div class="row"  id="row-351060718">

	<div id="col-1989286355" class="col medium-6 small-12 large-6"  >
		<div class="col-inner"  >
			
			
<div class="container section-title-container" ><h3 class="section-title section-title-normal"><b></b><span class="section-title-main" >Plano Amil Prata</span><b></b></h3></div>
<p>O Plano Amil Prata oferece cobertura ambulatorial e hospitalar conforme a segmentação contratada, seguindo integralmente as normas da ANS, com acesso ampliado à estrutura assistencial da Amil.</p>
<p>O Plano Amil Prata disponibiliza atendimento médico e hospitalar dentro dos padrões regulatórios, garantindo suporte assistencial organizado, rede credenciada mais ampla e serviços essenciais para o cuidado contínuo com a saúde.</p>
<div class="container section-title-container" ><h3 class="section-title section-title-normal"><b></b><span class="section-title-main" >Diferenciais Amil Prata</span><b></b></h3></div>
<p>
<i class="icon-checkmark"></i> <strong>Cobertura ampliada:</strong> acesso a uma rede credenciada mais extensa em relação aos planos de entrada.<br />
<i class="icon-checkmark"></i> <strong>Rede credenciada regional e ampliada:</strong> hospitais, clínicas e laboratórios com maior variedade de prestadores.<br />
<i class="icon-checkmark"></i> <strong>Urgência e emergência:</strong> atendimento garantido conforme regras contratuais e legislação vigente.<br />
<i class="icon-checkmark"></i> <strong>Coparticipação opcional:</strong> possibilidade de ajustar o plano ao perfil de uso e orçamento.<br />
<i class="icon-checkmark"></i> <strong>Gestão Amil:</strong> acesso à experiência, estrutura e solidez de uma das maiores operadoras do país.</p>
		</div>
			</div>

	

	<div id="col-1856004662" class="col medium-6 small-12 large-6"  >
		<div class="col-inner"  >
			
			
<div class="container section-title-container" ><h3 class="section-title section-title-normal"><b></b><span class="section-title-main" >Modalidades de contratação</span><b></b></h3></div>
<p><strong>Hospitalar com Obstetrícia</strong><br />
▪ Atendimento em Pronto Socorro (para urgência e emergência);<br />
▪ Cirurgias;<br />
▪ Internações hospitalares;<br />
▪ Partos (inclui cobertura assistencial ao recém-nascido durante os primeiros 30 dias após o parto).</p>
<p><strong>Ambulatorial e Hospitalar com Obstetrícia</strong><br />
▪ Consultas;<br />
▪ Exames;<br />
▪ Atendimento em Pronto Socorro;<br />
▪ Cirurgias;<br />
▪ Internações hospitalares;<br />
▪ Partos (inclui cobertura assistencial ao recém-nascido durante os primeiros 30 dias após o parto)</p>
<p style="font-size:15px"><i class="icon-checkmark"></i> Consultas e exames exclusivamente para gestantes, em acompanhamento pré-natal;<br />
<i class="icon-checkmark"></i> Procedimentos especiais necessários para continuidade da assistência prestada em nível de internação hospitalar, como: Hemodiálises, quimioterapias, radioterapias, fisioterapias entre outros.</p>
		</div>
			</div>

	
<p><!-- nao editar daqui pra baixo --></p>
</div>
<div class="row align-middle"  id="row-1253052386">

	<div id="col-1107434674" class="col medium-6 small-12 large-6"  >
		<div class="col-inner"  >
			
			
	<div class="img has-hover x md-x lg-x y md-y lg-y" id="image_617947972">
								<div class="img-inner dark" >
			<img loading="lazy" decoding="async" width="720" height="400" src="https://todosplanosdesaude.com.br/amil/wp-content/uploads/2022/04/Rede-Credenciada-1.jpg" class="attachment-large size-large" alt="" srcset="https://todosplanosdesaude.com.br/amil/wp-content/uploads/2022/04/Rede-Credenciada-1.jpg 720w, https://todosplanosdesaude.com.br/amil/wp-content/uploads/2022/04/Rede-Credenciada-1-300x167.jpg 300w" sizes="auto, (max-width: 720px) 100vw, 720px" />						
					</div>
								
<style>
#image_617947972 {
  width: 100%;
}
</style>
	</div>
	
		</div>
			</div>

	

	<div id="col-1094504106" class="col medium-6 small-12 large-6"  >
		<div class="col-inner"  >
			
			
<div class="container section-title-container" ><h3 class="section-title section-title-normal"><b></b><span class="section-title-main" >REDE CREDENCIADA</span><b></b></h3></div>
<p>Com uma rede que engloba mais de 1700 hospitais e mais de 6000 laboratórios em todo o território nacional, a Amil se destaca como uma das primeiras escolhas para contratação no mercado.</p>
<p>Sua rede credenciada oferece cobertura nacional e é composta por profissionais altamente qualificados.</p>
<p>O processo de referenciamento é meticuloso, visando a excelência em qualidade e uma gestão contínua do desempenho da rede.</p>
		</div>
			</div>

	
</div>
		</div>

		
<style>
#section_612973269 {
  padding-top: 30px;
  padding-bottom: 30px;
}
</style>
	</section>

<!-- This site is optimized with the Yoast SEO plugin v25.3.1 - https://yoast.com/wordpress/plugins/seo/ -->
<title>Amil Prata - Plano de Saúde Amil</title>
<meta name="robots" content="index, follow, max-snippet:-1, max-image-preview:large, max-video-preview:-1" />
<link rel="canonical" href="https://todosplanosdesaude.com.br/amil/amil-prata/" />
<meta property="og:locale" content="en_US" />
<meta property="og:type" content="article" />
<meta property="og:title" content="Amil Prata - Plano de Saúde Amil" />
<meta property="og:url" content="https://todosplanosdesaude.com.br/amil/amil-prata/" />
<meta property="og:site_name" content="Plano de Saúde Amil" />
<meta property="article:modified_time" content="2026-01-19T18:32:56+00:00" />
<meta name="twitter:card" content="summary_large_image" />
<meta name="twitter:label1" content="Est. reading time" />
	<meta name="twitter:data1" content="2 minutes" />
<script type="application/ld+json" class="yoast-schema-graph">{"@context":"https://schema.org","@graph":[{"@type":"WebPage","@id":"https://todosplanosdesaude.com.br/amil/amil-prata/","url":"https://todosplanosdesaude.com.br/amil/amil-prata/","name":"Amil Prata - Plano de Saúde Amil","isPartOf":{"@id":"/#website"},"datePublished":"2026-01-19T18:17:22+00:00","dateModified":"2026-01-19T18:32:56+00:00","breadcrumb":{"@id":"https://todosplanosdesaude.com.br/amil/amil-prata/#breadcrumb"},"inLanguage":"en-US","potentialAction":[{"@type":"ReadAction","target":["https://todosplanosdesaude.com.br/amil/amil-prata/"]}]},{"@type":"BreadcrumbList","@id":"https://todosplanosdesaude.com.br/amil/amil-prata/#breadcrumb","itemListElement":[{"@type":"ListItem","position":1,"name":"Home","item":"https://todosplanosdesaude.com.br/amil/"},{"@type":"ListItem","position":2,"name":"Amil Prata"}]},{"@type":"WebSite","@id":"/#website","url":"/","name":"Plano de Saúde Amil","description":"","potentialAction":[{"@type":"SearchAction","target":{"@type":"EntryPoint","urlTemplate":"/?s={search_term_string}"},"query-input":{"@type":"PropertyValueSpecification","valueRequired":true,"valueName":"search_term_string"}}],"inLanguage":"en-US"}]}</script>
<!-- / Yoast SEO plugin. -->

Amil Prata - Plano de Saúde Amil

Plano de Saúde Amil
