{"id":14,"date":"2021-02-11T16:41:15","date_gmt":"2021-02-11T16:41:15","guid":{"rendered":"https:\/\/todosplanosdesaude.com.br\/bradesco-saude\/?page_id=14"},"modified":"2024-05-01T23:47:36","modified_gmt":"2024-05-01T23:47:36","slug":"home","status":"publish","type":"page","link":"https:\/\/todosplanosdesaude.com.br\/bradesco-saude\/","title":{"rendered":"Home"},"content":{"rendered":"\n  <div class=\"banner has-hover mtopmen20\" id=\"banner-1361211192\">\n          <div class=\"banner-inner fill\">\n        <div class=\"banner-bg fill\" >\n            <div class=\"bg fill bg-fill \"><\/div>\n                                    \n                    <\/div>\n        <div class=\"banner-layers container\">\n            <div class=\"fill banner-link\"><\/div>            \n   <div id=\"text-box-430317461\" class=\"text-box banner-layer x50 md-x0 lg-x0 y15 md-y50 lg-y50 res-text\">\n                                <div class=\"text dark\">\n              \n              <div class=\"text-inner text-center\">\n                  \n\t<div id=\"text-2834765090\" class=\"text show-for-small\">\n\t\t\n<h3 align=\"center\">Plano de Sa\u00fade Familiar e CNPJ<\/h3>\n<p align=\"center\" style=\"font-size:22px\">At\u00e9 30% mais barato! <br \/>Pre\u00e7o Imbat\u00edvel. Confira!<\/p>\n\t\t\n<style>\n#text-2834765090 {\n  font-size: 1.25rem;\n  color: rgb(206, 28, 48);\n}\n#text-2834765090 > * {\n  color: rgb(206, 28, 48);\n}\n<\/style>\n\t<\/div>\n\t\n\t<div id=\"text-4080607981\" class=\"text hide-for-medium\">\n\t\t\n<h3 align=\"center\">Plano de Sa\u00fade Familiar e CNPJ<\/h3>\n<p align=\"center\" style=\"font-size:22px\">At\u00e9 30% mais barato! Pre\u00e7o Imbat\u00edvel. Confira!<\/p>\n\t\t\n<style>\n#text-4080607981 {\n  font-size: 1.25rem;\n  color: rgb(206, 28, 48);\n}\n#text-4080607981 > * {\n  color: rgb(206, 28, 48);\n}\n<\/style>\n\t<\/div>\n\t\n<a href=\"https:\/\/todosplanosdesaude.com.br\/bradesco-saude\/orcamento\/\" target=\"_self\" class=\"button primary is-larger show-for-small\"  >\n    <span>SOLICITE UM OR\u00e7amento<\/span>\n  <\/a>\n\n<a href=\"https:\/\/todosplanosdesaude.com.br\/bradesco-saude\/orcamento\/\" target=\"_self\" class=\"button primary hide-for-medium\"  >\n    <span>SOLICITE UM OR\u00e7amento<\/span>\n  <\/a>\n\n              <\/div>\n           <\/div>\n                            \n<style>\n#text-box-430317461 {\n  width: 97%;\n}\n#text-box-430317461 .text {\n  font-size: 100%;\n}\n@media (min-width:550px) {\n  #text-box-430317461 {\n    width: 47%;\n  }\n}\n<\/style>\n    <\/div>\n \n        <\/div>\n      <\/div>\n\n            \n<style>\n#banner-1361211192 {\n  padding-top: 414px;\n}\n#banner-1361211192 .bg.bg-loaded {\n  background-image: url(https:\/\/todosplanosdesaude.com.br\/bradesco-saude\/wp-content\/uploads\/2021\/06\/banner_BRA_02-1024x472-1-1.png);\n}\n#banner-1361211192 .bg {\n  background-position: 0% 82%;\n}\n@media (min-width:550px) {\n  #banner-1361211192 {\n    padding-top: 600px;\n  }\n}\n<\/style>\n  <\/div>\n\n\n\t<section class=\"section\" id=\"section_1358520202\">\n\t\t<div class=\"bg section-bg fill bg-fill  bg-loaded\" >\n\n\t\t\t\n\t\t\t\n\t\t\t\n\n\t\t<\/div>\n\n\t\t<div class=\"section-content relative\">\n\t\t\t\n<div class=\"row row-small\"  id=\"row-1425661452\">\n\n\t<div id=\"col-1752556117\" class=\"col medium-3 small-12 large-3\"  >\n\t\t<div class=\"col-inner\"  >\n\t\t\t\n\t\t\t\n\t<div class=\"img has-hover x md-x lg-x y md-y lg-y\" id=\"image_832992163\">\n\t\t\t\t\t\t\t\t<div class=\"img-inner dark\" >\n\t\t\t<img loading=\"lazy\" decoding=\"async\" width=\"400\" height=\"226\" src=\"https:\/\/todosplanosdesaude.com.br\/bradesco-saude\/wp-content\/uploads\/2021\/06\/bradesco-familiar-2-1.jpg\" class=\"attachment-large size-large\" alt=\"\" srcset=\"https:\/\/todosplanosdesaude.com.br\/bradesco-saude\/wp-content\/uploads\/2021\/06\/bradesco-familiar-2-1.jpg 400w, https:\/\/todosplanosdesaude.com.br\/bradesco-saude\/wp-content\/uploads\/2021\/06\/bradesco-familiar-2-1-300x170.jpg 300w\" sizes=\"auto, (max-width: 400px) 100vw, 400px\" \/>\t\t\t\t\t\t\n\t\t\t\t\t<\/div>\n\t\t\t\t\t\t\t\t\n<style>\n#image_832992163 {\n  width: 100%;\n}\n<\/style>\n\t<\/div>\n\t\n<h5>Plano de Sa\u00fade Familiar<\/h5>\n<p style=\"font-size: 13px;\">A principal vantagem de ter um plano familiar com CNPJ \u00e9 o custo. Geralmente, s\u00e3o 30% mais econ\u00f4micos do que os planos por ades\u00e3o.<\/p>\n<a href=\"https:\/\/todosplanosdesaude.com.br\/bradesco-saude\/plano-de-saude-familiar\/\" target=\"_self\" class=\"button primary is-outline is-smaller\"  >\n    <span>SAIBA MAIS<\/span>\n  <\/a>\n\n\t<div id=\"gap-85639548\" class=\"gap-element clearfix show-for-small\" style=\"display:block; height:auto;\">\n\t\t\n<style>\n#gap-85639548 {\n  padding-top: 30px;\n}\n<\/style>\n\t<\/div>\n\t\n\t\t<\/div>\n\t\t\t<\/div>\n\n\t\n\n\t<div id=\"col-606277065\" class=\"col medium-3 small-12 large-3\"  >\n\t\t<div class=\"col-inner\"  >\n\t\t\t\n\t\t\t\n\t<div class=\"img has-hover x md-x lg-x y md-y lg-y\" id=\"image_1751116792\">\n\t\t\t\t\t\t\t\t<div class=\"img-inner dark\" >\n\t\t\t<img loading=\"lazy\" decoding=\"async\" width=\"400\" height=\"226\" src=\"https:\/\/todosplanosdesaude.com.br\/bradesco-saude\/wp-content\/uploads\/2021\/06\/bradesco-mei-2-1.jpg\" class=\"attachment-large size-large\" alt=\"\" srcset=\"https:\/\/todosplanosdesaude.com.br\/bradesco-saude\/wp-content\/uploads\/2021\/06\/bradesco-mei-2-1.jpg 400w, https:\/\/todosplanosdesaude.com.br\/bradesco-saude\/wp-content\/uploads\/2021\/06\/bradesco-mei-2-1-300x170.jpg 300w\" sizes=\"auto, (max-width: 400px) 100vw, 400px\" \/>\t\t\t\t\t\t\n\t\t\t\t\t<\/div>\n\t\t\t\t\t\t\t\t\n<style>\n#image_1751116792 {\n  width: 100%;\n}\n<\/style>\n\t<\/div>\n\t\n<h5>Plano de Sa\u00fade MEI<\/h5>\n<p style=\"font-size: 13px;\">A ades\u00e3o como MEI proporciona a mesma estrutura e vantagens de um plano empresarial, com acesso \u00e0 totalidade da rede da Bradesco Sa\u00fade.<\/p>\n<a href=\"https:\/\/todosplanosdesaude.com.br\/bradesco-saude\/plano-de-saude-mei\/\" target=\"_self\" class=\"button primary is-outline is-smaller\"  >\n    <span>SAIBA MAIS<\/span>\n  <\/a>\n\n\t<div id=\"gap-625797483\" class=\"gap-element clearfix show-for-small\" style=\"display:block; height:auto;\">\n\t\t\n<style>\n#gap-625797483 {\n  padding-top: 30px;\n}\n<\/style>\n\t<\/div>\n\t\n\t\t<\/div>\n\t\t\t<\/div>\n\n\t\n\n\t<div id=\"col-247159250\" class=\"col medium-3 small-12 large-3\"  >\n\t\t<div class=\"col-inner\"  >\n\t\t\t\n\t\t\t\n\t<div class=\"img has-hover x md-x lg-x y md-y lg-y\" id=\"image_1624044993\">\n\t\t\t\t\t\t\t\t<div class=\"img-inner dark\" >\n\t\t\t<img loading=\"lazy\" decoding=\"async\" width=\"400\" height=\"226\" src=\"https:\/\/todosplanosdesaude.com.br\/bradesco-saude\/wp-content\/uploads\/2021\/02\/bradesco-pme-2.jpg\" class=\"attachment-large size-large\" alt=\"\" srcset=\"https:\/\/todosplanosdesaude.com.br\/bradesco-saude\/wp-content\/uploads\/2021\/02\/bradesco-pme-2.jpg 400w, https:\/\/todosplanosdesaude.com.br\/bradesco-saude\/wp-content\/uploads\/2021\/02\/bradesco-pme-2-300x170.jpg 300w\" sizes=\"auto, (max-width: 400px) 100vw, 400px\" \/>\t\t\t\t\t\t\n\t\t\t\t\t<\/div>\n\t\t\t\t\t\t\t\t\n<style>\n#image_1624044993 {\n  width: 100%;\n}\n<\/style>\n\t<\/div>\n\t\n<h5>Plano de Sa\u00fade PME<\/h5>\n<p style=\"font-size: 13px;\">Da mesma forma que \u00e9 vi\u00e1vel contratar para os colaboradores, \u00e9 poss\u00edvel adquirir exclusivamente para os familiares, abrangendo o c\u00f4njuge e os filhos.<\/p>\n<a href=\"https:\/\/todosplanosdesaude.com.br\/bradesco-saude\/plano-de-saude-pme\/\" target=\"_self\" class=\"button primary is-outline is-smaller\"  >\n    <span>SAIBA MAIS<\/span>\n  <\/a>\n\n\t<div id=\"gap-2139770026\" class=\"gap-element clearfix show-for-small\" style=\"display:block; height:auto;\">\n\t\t\n<style>\n#gap-2139770026 {\n  padding-top: 30px;\n}\n<\/style>\n\t<\/div>\n\t\n\t\t<\/div>\n\t\t\t<\/div>\n\n\t\n\n\t<div id=\"col-1017451699\" class=\"col medium-3 small-12 large-3\"  >\n\t\t<div class=\"col-inner\"  >\n\t\t\t\n\t\t\t\n\t<div class=\"img has-hover x md-x lg-x y md-y lg-y\" id=\"image_1106348151\">\n\t\t\t\t\t\t\t\t<div class=\"img-inner dark\" >\n\t\t\t<img loading=\"lazy\" decoding=\"async\" width=\"400\" height=\"226\" src=\"https:\/\/todosplanosdesaude.com.br\/bradesco-saude\/wp-content\/uploads\/2021\/02\/bradesco-empresarial-2.jpg\" class=\"attachment-large size-large\" alt=\"\" srcset=\"https:\/\/todosplanosdesaude.com.br\/bradesco-saude\/wp-content\/uploads\/2021\/02\/bradesco-empresarial-2.jpg 400w, https:\/\/todosplanosdesaude.com.br\/bradesco-saude\/wp-content\/uploads\/2021\/02\/bradesco-empresarial-2-300x170.jpg 300w\" sizes=\"auto, (max-width: 400px) 100vw, 400px\" \/>\t\t\t\t\t\t\n\t\t\t\t\t<\/div>\n\t\t\t\t\t\t\t\t\n<style>\n#image_1106348151 {\n  width: 100%;\n}\n<\/style>\n\t<\/div>\n\t\n<h5>Plano de Sa\u00fade Empresarial<\/h5>\n<p style=\"font-size: 13px;\">O melhor investimento para empresas com mais de 29 colaboradores \u00e9 a oferta de todos os planos com cobertura nacional e sem per\u00edodo de car\u00eancia!<\/p>\n<a href=\"https:\/\/todosplanosdesaude.com.br\/bradesco-saude\/plano-de-saude-empresarial\/\" target=\"_self\" class=\"button primary is-outline is-smaller\"  >\n    <span>SAIBA MAIS<\/span>\n  <\/a>\n\n\t<div id=\"gap-699976320\" class=\"gap-element clearfix show-for-small\" style=\"display:block; height:auto;\">\n\t\t\n<style>\n#gap-699976320 {\n  padding-top: 30px;\n}\n<\/style>\n\t<\/div>\n\t\n\t\t<\/div>\n\t\t\t<\/div>\n\n\t\n<\/div>\n\t\t<\/div>\n\n\t\t\n<style>\n#section_1358520202 {\n  padding-top: 30px;\n  padding-bottom: 30px;\n}\n<\/style>\n\t<\/section>\n\t\n\t<section class=\"section\" id=\"section_764968681\">\n\t\t<div class=\"bg section-bg fill bg-fill  bg-loaded\" >\n\n\t\t\t\n\t\t\t<div class=\"section-bg-overlay absolute fill\"><\/div>\n\t\t\t\n\n\t\t<\/div>\n\n\t\t<div class=\"section-content relative\">\n\t\t\t\n\t<div id=\"gap-430722051\" class=\"gap-element clearfix\" style=\"display:block; height:auto;\">\n\t\t\n<style>\n#gap-430722051 {\n  padding-top: 30px;\n}\n<\/style>\n\t<\/div>\n\t\n<div class=\"row\"  id=\"row-186423509\">\n\n\t<div id=\"col-154843310\" class=\"col medium-6 small-12 large-6\"  >\n\t\t<div class=\"col-inner\"  >\n\t\t\t\n\t\t\t\n<h3 class=\"colortema\">BRADESCO SA\u00daDE &#8211; REDE CREDENCIADA<\/h3>\n<p style=\"font-size: 14px;\">A vasta rede credenciada da Bradesco Sa\u00fade abrange mais de 2.300 hospitais e mais de 28.000 cl\u00ednicas e consult\u00f3rios em todo o Brasil.<\/p>\n<p style=\"font-size: 14px;\">Incluindo algumas das op\u00e7\u00f5es mais renomadas do pa\u00eds, como:<\/p>\n<div class=\"row row-collapse\"  id=\"row-175677705\">\n\n\t<div id=\"col-16499326\" class=\"col medium-6 small-12 large-6\"  >\n\t\t<div class=\"col-inner\"  >\n\t\t\t\n\t\t\t\n\t<div id=\"text-2936919656\" class=\"text\">\n\t\t\n<ul style=\"font-size:14px; line-height:17px\">\n<li class=\"color-mid mb-10 bluesul\">Hospital Benefic\u00eancia Portuguesa<\/li>\n<li class=\"color-mid mb-10 bluesul\">Hospital S\u00e3o Luiz<\/li>\n<li class=\"color-mid mb-10 bluesul\">Incor &#8211; Instituto do Cora\u00e7\u00e3o<\/li>\n<li class=\"color-mid mb-10 bluesul\">Hospital S\u00e3o Paulo<\/li>\n<li class=\"color-mid mb-10 bluesul\">Hospital Alvorada<\/li>\n<li class=\"color-mid mb-10 bluesul\">Hospital Nove de Julho<\/li>\n<li class=\"color-mid mb-10 bluesul\">Hospital Metropolitano<\/li>\n<li class=\"color-mid mb-10 bluesul\">Hospital Vit\u00f3ria<\/li>\n<li class=\"color-mid mb-10 bluesul\">Hospital Igesp<\/li>\n<li class=\"color-mid mb-10 bluesul\">Hospital Paulistano<\/li>\n<\/ul>\n\t\t\n<style>\n#text-2936919656 {\n  font-size: 0.75rem;\n}\n<\/style>\n\t<\/div>\n\t\n\t\t<\/div>\n\t\t\t<\/div>\n\n\t\n\n\t<div id=\"col-1440032093\" class=\"col medium-6 small-12 large-6\"  >\n\t\t<div class=\"col-inner\"  >\n\t\t\t\n\t\t\t\n\t<div id=\"text-2553627723\" class=\"text\">\n\t\t\n<ul style=\"font-size:14px; line-height:17px\">\n<li>Hospital San Paolo<\/li>\n<li>Hospital Leforte<\/li>\n<li>Hospital S\u00e3o Camilo<\/li>\n<li>Hospital Santa Catarina<\/li>\n<li>Hospital Santa Joana<\/li>\n<li>HCor &#8211; Hospital do Cora\u00e7\u00e3o<\/li>\n<li>Hospital Samaritano<\/li>\n<li>Hospital Alem\u00e3o Oswaldo Cruz<\/li>\n<li>Hospital Israelita Albert Einstein<\/li>\n<li>Hospital S\u00edrio Liban\u00eas<\/li>\n<\/ul>\n\t\t\n<style>\n#text-2553627723 {\n  font-size: 0.75rem;\n}\n<\/style>\n\t<\/div>\n\t\n\t\t<\/div>\n\t\t\t<\/div>\n\n\t\n<\/div>\n\t\t<\/div>\n\t\t\t<\/div>\n\n\t\n\n\t<div id=\"col-197316198\" class=\"col hide-for-small medium-6 small-12 large-6\"  >\n\t\t<div class=\"col-inner\"  >\n\t\t\t\n\t\t\t\n\t<div class=\"img has-hover x md-x lg-x y md-y lg-y\" id=\"image_1219786874\">\n\t\t\t\t\t\t\t\t<div class=\"img-inner image-cover dark\" style=\"padding-top:380px;\">\n\t\t\t<img loading=\"lazy\" decoding=\"async\" width=\"555\" height=\"411\" src=\"https:\/\/todosplanosdesaude.com.br\/bradesco-saude\/wp-content\/uploads\/2021\/02\/rede-credenciada-home.jpg\" class=\"attachment-large size-large\" alt=\"\" srcset=\"https:\/\/todosplanosdesaude.com.br\/bradesco-saude\/wp-content\/uploads\/2021\/02\/rede-credenciada-home.jpg 555w, https:\/\/todosplanosdesaude.com.br\/bradesco-saude\/wp-content\/uploads\/2021\/02\/rede-credenciada-home-300x222.jpg 300w\" sizes=\"auto, (max-width: 555px) 100vw, 555px\" \/>\t\t\t\t\t\t\n\t\t\t\t\t<\/div>\n\t\t\t\t\t\t\t\t\n<style>\n#image_1219786874 {\n  width: 100%;\n}\n<\/style>\n\t<\/div>\n\t\n\t\t<\/div>\n\t\t\t<\/div>\n\n\t\n<\/div>\n\t\t<\/div>\n\n\t\t\n<style>\n#section_764968681 {\n  padding-top: 15px;\n  padding-bottom: 15px;\n}\n#section_764968681 .section-bg-overlay {\n  background-color: rgb(250, 250, 250);\n}\n<\/style>\n\t<\/section>\n\t\n\t<section class=\"section padbot0\" id=\"section_936659045\">\n\t\t<div class=\"bg section-bg fill bg-fill  bg-loaded\" >\n\n\t\t\t\n\t\t\t\n\t\t\t\n\n\t\t<\/div>\n\n\t\t<div class=\"section-content relative\">\n\t\t\t\n<div class=\"row align-middle\"  id=\"row-768057507\">\n\n\t<div id=\"col-1672698906\" class=\"col colpad0 hide-for-small medium-6 small-12 large-6\"  >\n\t\t<div class=\"col-inner\"  >\n\t\t\t\n\t\t\t\n\t<div class=\"img has-hover padbot0 x md-x lg-x y md-y lg-y\" id=\"image_391259251\">\n\t\t\t\t\t\t\t\t<div class=\"img-inner dark\" >\n\t\t\t<img loading=\"lazy\" decoding=\"async\" width=\"555\" height=\"556\" src=\"https:\/\/todosplanosdesaude.com.br\/bradesco-saude\/wp-content\/uploads\/2021\/02\/06.png\" class=\"attachment-large size-large\" alt=\"\" srcset=\"https:\/\/todosplanosdesaude.com.br\/bradesco-saude\/wp-content\/uploads\/2021\/02\/06.png 555w, https:\/\/todosplanosdesaude.com.br\/bradesco-saude\/wp-content\/uploads\/2021\/02\/06-300x300.png 300w, https:\/\/todosplanosdesaude.com.br\/bradesco-saude\/wp-content\/uploads\/2021\/02\/06-150x150.png 150w\" sizes=\"auto, (max-width: 555px) 100vw, 555px\" \/>\t\t\t\t\t\t\n\t\t\t\t\t<\/div>\n\t\t\t\t\t\t\t\t\n<style>\n#image_391259251 {\n  width: 100%;\n}\n<\/style>\n\t<\/div>\n\t\n\t\t<\/div>\n\t\t\t<\/div>\n\n\t\n\n\t<div id=\"col-1605232864\" class=\"col colpad0 medium-6 small-12 large-6\"  >\n\t\t<div class=\"col-inner\"  >\n\t\t\t\n\t\t\t\n<h3 class=\"colortema\">SOBRE A BRADESCO SA\u00daDE<\/h3>\n<p>A Bradesco Sa\u00fade \u00e9 l\u00edder de mercado no Brasil e na Am\u00e9rica Latina, acumulando mais de 35 anos de experi\u00eancia no setor de sa\u00fade. Com um compromisso inabal\u00e1vel com a excel\u00eancia no atendimento e uma gama completa de servi\u00e7os, os planos da Bradesco Sa\u00fade oferecem a prote\u00e7\u00e3o e a tranquilidade que voc\u00ea busca para os funcion\u00e1rios da sua empresa.<\/p>\n<p>Nossos planos proporcionam acesso a uma ampla rede de consult\u00f3rios, cl\u00ednicas, laborat\u00f3rios e hospitais. Al\u00e9m disso, oferecemos a op\u00e7\u00e3o de reembolso das despesas m\u00e9dicas e hospitalares realizadas por prestadores de sua escolha, garantindo flexibilidade e conveni\u00eancia.<\/p>\n<p><span style=\"font-size: 14px !important;\"><i class=\"icon-checkmark\"><\/i> L\u00edder de mercado no Brasil e Am\u00e9rica Latina<br \/><i class=\"icon-checkmark\"><\/i> + de 4 milh\u00f5es de benefici\u00e1rios<br \/><i class=\"icon-checkmark\"><\/i> + de 2.300 hospitais<br \/><i class=\"icon-checkmark\"><\/i>\u00a0+ de 28.000 cl\u00ednicas e consult\u00f3rios<br \/><i class=\"icon-checkmark\"><\/i>\u00a0+ de 1.000 m\u00e9dicos referenciados<br \/><i class=\"icon-checkmark\"><\/i>\u00a0Rede de descontos em mais de 1.000 estabelecimentos<\/span><\/p>\n\t\t<\/div>\n\t\t\n<style>\n#col-1605232864 > .col-inner {\n  padding: 23px 0px 11px 17px;\n}\n@media (min-width:550px) {\n  #col-1605232864 > .col-inner {\n    padding: 0px 0px 0px 39px;\n  }\n}\n<\/style>\n\t<\/div>\n\n\t\n<\/div>\n\t\t<\/div>\n\n\t\t\n<style>\n#section_936659045 {\n  padding-top: 0px;\n  padding-bottom: 0px;\n}\n<\/style>\n\t<\/section>\n\t\n","protected":false},"excerpt":{"rendered":"","protected":false},"author":1,"featured_media":0,"parent":0,"menu_order":0,"comment_status":"closed","ping_status":"closed","template":"page-blank.php","meta":{"footnotes":""},"class_list":["post-14","page","type-page","status-publish","hentry"],"yoast_head":"<!-- This site is optimized with the Yoast SEO plugin v25.3.1 - https:\/\/yoast.com\/wordpress\/plugins\/seo\/ -->\n<title>Home - Plano de Sa\u00fade Bradesco<\/title>\n<meta name=\"description\" content=\"Saiba tudo sobre o Plano de sa\u00fade Bradesco. Rede Credenciada, Tabela de Valores e Diferenciais. Ligue (11) 3873-0081\" \/>\n<meta name=\"robots\" content=\"index, follow, max-snippet:-1, max-image-preview:large, max-video-preview:-1\" \/>\n<link rel=\"canonical\" href=\"https:\/\/todosplanosdesaude.com.br\/bradesco-saude\/\" \/>\n<meta property=\"og:locale\" content=\"pt_BR\" \/>\n<meta property=\"og:type\" content=\"article\" \/>\n<meta property=\"og:title\" content=\"Home - Plano de Sa\u00fade Bradesco\" \/>\n<meta property=\"og:description\" content=\"Saiba tudo sobre o Plano de sa\u00fade Bradesco. Rede Credenciada, Tabela de Valores e Diferenciais. Ligue (11) 3873-0081\" \/>\n<meta property=\"og:url\" content=\"https:\/\/todosplanosdesaude.com.br\/bradesco-saude\/\" \/>\n<meta property=\"og:site_name\" content=\"Plano de Sa\u00fade Bradesco\" \/>\n<meta property=\"article:modified_time\" content=\"2024-05-01T23:47:36+00:00\" \/>\n<meta name=\"twitter:card\" content=\"summary_large_image\" \/>\n<meta name=\"twitter:label1\" content=\"Est. tempo de leitura\" \/>\n\t<meta name=\"twitter:data1\" content=\"3 minutos\" \/>\n<script type=\"application\/ld+json\" class=\"yoast-schema-graph\">{\"@context\":\"https:\/\/schema.org\",\"@graph\":[{\"@type\":\"WebPage\",\"@id\":\"https:\/\/todosplanosdesaude.com.br\/bradesco-saude\/\",\"url\":\"https:\/\/todosplanosdesaude.com.br\/bradesco-saude\/\",\"name\":\"Home - Plano de Sa\u00fade Bradesco\",\"isPartOf\":{\"@id\":\"https:\/\/todosplanosdesaude.com.br\/bradesco-saude\/#website\"},\"datePublished\":\"2021-02-11T16:41:15+00:00\",\"dateModified\":\"2024-05-01T23:47:36+00:00\",\"description\":\"Saiba tudo sobre o Plano de sa\u00fade Bradesco. Rede Credenciada, Tabela de Valores e Diferenciais. Ligue (11) 3873-0081\",\"breadcrumb\":{\"@id\":\"https:\/\/todosplanosdesaude.com.br\/bradesco-saude\/#breadcrumb\"},\"inLanguage\":\"pt-BR\",\"potentialAction\":[{\"@type\":\"ReadAction\",\"target\":[\"https:\/\/todosplanosdesaude.com.br\/bradesco-saude\/\"]}]},{\"@type\":\"BreadcrumbList\",\"@id\":\"https:\/\/todosplanosdesaude.com.br\/bradesco-saude\/#breadcrumb\",\"itemListElement\":[{\"@type\":\"ListItem\",\"position\":1,\"name\":\"Home\",\"item\":\"https:\/\/todosplanosdesaude.com.br\/bradesco-saude\/\"},{\"@type\":\"ListItem\",\"position\":2,\"name\":\"Home\"}]},{\"@type\":\"WebSite\",\"@id\":\"https:\/\/todosplanosdesaude.com.br\/bradesco-saude\/#website\",\"url\":\"https:\/\/todosplanosdesaude.com.br\/bradesco-saude\/\",\"name\":\"Plano de Sa\u00fade Bradesco\",\"description\":\"\",\"potentialAction\":[{\"@type\":\"SearchAction\",\"target\":{\"@type\":\"EntryPoint\",\"urlTemplate\":\"https:\/\/todosplanosdesaude.com.br\/bradesco-saude\/?s={search_term_string}\"},\"query-input\":{\"@type\":\"PropertyValueSpecification\",\"valueRequired\":true,\"valueName\":\"search_term_string\"}}],\"inLanguage\":\"pt-BR\"}]}<\/script>\n<!-- \/ Yoast SEO plugin. -->","yoast_head_json":{"title":"Home - Plano de Sa\u00fade Bradesco","description":"Saiba tudo sobre o Plano de sa\u00fade Bradesco. Rede Credenciada, Tabela de Valores e Diferenciais. Ligue (11) 3873-0081","robots":{"index":"index","follow":"follow","max-snippet":"max-snippet:-1","max-image-preview":"max-image-preview:large","max-video-preview":"max-video-preview:-1"},"canonical":"https:\/\/todosplanosdesaude.com.br\/bradesco-saude\/","og_locale":"pt_BR","og_type":"article","og_title":"Home - Plano de Sa\u00fade Bradesco","og_description":"Saiba tudo sobre o Plano de sa\u00fade Bradesco. Rede Credenciada, Tabela de Valores e Diferenciais. Ligue (11) 3873-0081","og_url":"https:\/\/todosplanosdesaude.com.br\/bradesco-saude\/","og_site_name":"Plano de Sa\u00fade Bradesco","article_modified_time":"2024-05-01T23:47:36+00:00","twitter_card":"summary_large_image","twitter_misc":{"Est. tempo de leitura":"3 minutos"},"schema":{"@context":"https:\/\/schema.org","@graph":[{"@type":"WebPage","@id":"https:\/\/todosplanosdesaude.com.br\/bradesco-saude\/","url":"https:\/\/todosplanosdesaude.com.br\/bradesco-saude\/","name":"Home - Plano de Sa\u00fade Bradesco","isPartOf":{"@id":"https:\/\/todosplanosdesaude.com.br\/bradesco-saude\/#website"},"datePublished":"2021-02-11T16:41:15+00:00","dateModified":"2024-05-01T23:47:36+00:00","description":"Saiba tudo sobre o Plano de sa\u00fade Bradesco. Rede Credenciada, Tabela de Valores e Diferenciais. Ligue (11) 3873-0081","breadcrumb":{"@id":"https:\/\/todosplanosdesaude.com.br\/bradesco-saude\/#breadcrumb"},"inLanguage":"pt-BR","potentialAction":[{"@type":"ReadAction","target":["https:\/\/todosplanosdesaude.com.br\/bradesco-saude\/"]}]},{"@type":"BreadcrumbList","@id":"https:\/\/todosplanosdesaude.com.br\/bradesco-saude\/#breadcrumb","itemListElement":[{"@type":"ListItem","position":1,"name":"Home","item":"https:\/\/todosplanosdesaude.com.br\/bradesco-saude\/"},{"@type":"ListItem","position":2,"name":"Home"}]},{"@type":"WebSite","@id":"https:\/\/todosplanosdesaude.com.br\/bradesco-saude\/#website","url":"https:\/\/todosplanosdesaude.com.br\/bradesco-saude\/","name":"Plano de Sa\u00fade Bradesco","description":"","potentialAction":[{"@type":"SearchAction","target":{"@type":"EntryPoint","urlTemplate":"https:\/\/todosplanosdesaude.com.br\/bradesco-saude\/?s={search_term_string}"},"query-input":{"@type":"PropertyValueSpecification","valueRequired":true,"valueName":"search_term_string"}}],"inLanguage":"pt-BR"}]}},"_links":{"self":[{"href":"https:\/\/todosplanosdesaude.com.br\/bradesco-saude\/wp-json\/wp\/v2\/pages\/14","targetHints":{"allow":["GET"]}}],"collection":[{"href":"https:\/\/todosplanosdesaude.com.br\/bradesco-saude\/wp-json\/wp\/v2\/pages"}],"about":[{"href":"https:\/\/todosplanosdesaude.com.br\/bradesco-saude\/wp-json\/wp\/v2\/types\/page"}],"author":[{"embeddable":true,"href":"https:\/\/todosplanosdesaude.com.br\/bradesco-saude\/wp-json\/wp\/v2\/users\/1"}],"replies":[{"embeddable":true,"href":"https:\/\/todosplanosdesaude.com.br\/bradesco-saude\/wp-json\/wp\/v2\/comments?post=14"}],"version-history":[{"count":81,"href":"https:\/\/todosplanosdesaude.com.br\/bradesco-saude\/wp-json\/wp\/v2\/pages\/14\/revisions"}],"predecessor-version":[{"id":980,"href":"https:\/\/todosplanosdesaude.com.br\/bradesco-saude\/wp-json\/wp\/v2\/pages\/14\/revisions\/980"}],"wp:attachment":[{"href":"https:\/\/todosplanosdesaude.com.br\/bradesco-saude\/wp-json\/wp\/v2\/media?parent=14"}],"curies":[{"name":"wp","href":"https:\/\/api.w.org\/{rel}","templated":true}]}}