{"id":14,"date":"2021-02-11T16:41:15","date_gmt":"2021-02-11T16:41:15","guid":{"rendered":"https:\/\/todosplanosdesaude.com.br\/porto-seguro\/?page_id=14"},"modified":"2022-01-31T20:56:35","modified_gmt":"2022-01-31T20:56:35","slug":"home","status":"publish","type":"page","link":"https:\/\/todosplanosdesaude.com.br\/porto-seguro\/","title":{"rendered":"Home"},"content":{"rendered":"\t<section class=\"section\" id=\"section_2094969226\">\n\t\t<div class=\"bg section-bg fill bg-fill  bg-loaded\" >\n\n\t\t\t\n\t\t\t\n\t\t\t\n\n\t\t<\/div>\n\n\t\t<div class=\"section-content relative\">\n\t\t\t\n\n  <div class=\"banner has-hover mtopmen20\" id=\"banner-2017426383\">\n          <div class=\"banner-inner fill\">\n        <div class=\"banner-bg fill\" >\n            <div class=\"bg fill bg-fill \"><\/div>\n                                    \n                    <\/div>\n        <div class=\"banner-layers container\">\n            <div class=\"fill banner-link\"><\/div>            \n   <div id=\"text-box-1463216843\" class=\"text-box banner-layer x50 md-x0 lg-x0 y15 md-y50 lg-y50 res-text\">\n                                <div class=\"text dark\">\n              \n              <div class=\"text-inner text-center\">\n                  \n\t<div id=\"text-2300989634\" class=\"text show-for-small\">\n\t\t\n<h3 align=\"center\">Plano de Sa\u00fade MEI e Familiar<\/h3>\n<p style=\"font-size: 22px;\" align=\"center\">Economia de At\u00e9 30%! <br \/>Pre\u00e7o Acess\u00edvel. Confira!<\/p>\n\t\t\n<style>\n#text-2300989634 {\n  font-size: 1.25rem;\n  color: rgb(30, 30, 132);\n}\n#text-2300989634 > * {\n  color: rgb(30, 30, 132);\n}\n<\/style>\n\t<\/div>\n\t\n\t<div id=\"text-1587318484\" class=\"text hide-for-medium\">\n\t\t\n<h3 align=\"center\">Plano de Sa\u00fade MEI e Empresarial<\/h3>\n<p style=\"font-size: 22px;\" align=\"center\">Economia de At\u00e9 30%! Pre\u00e7o Imbat\u00edvel. Confira!<\/p>\n\t\t\n<style>\n#text-1587318484 {\n  font-size: 1.25rem;\n  color: rgb(1, 38, 94);\n}\n#text-1587318484 > * {\n  color: rgb(1, 38, 94);\n}\n<\/style>\n\t<\/div>\n\t\n<a href=\"https:\/\/todosplanosdesaude.com.br\/porto-seguro\/orcamento\/\" target=\"_self\" class=\"button primary is-larger botinvertido show-for-small\"  style=\"border-radius:43px;\">\n    <span>SOLICITE OR\u00c7AMENTO<\/span>\n  <\/a>\n\n<a href=\"https:\/\/todosplanosdesaude.com.br\/porto-seguro\/orcamento\/\" target=\"_self\" class=\"button primary botinvertido hide-for-medium\"  style=\"border-radius:43px;\">\n    <span>SOLICITE OR\u00c7AMENTO<\/span>\n  <\/a>\n\n              <\/div>\n           <\/div>\n                            \n<style>\n#text-box-1463216843 {\n  width: 97%;\n}\n#text-box-1463216843 .text {\n  font-size: 100%;\n}\n@media (min-width:550px) {\n  #text-box-1463216843 {\n    width: 54%;\n  }\n}\n<\/style>\n    <\/div>\n \n\t<div class=\"img has-hover hide-for-small x85 md-x85 lg-x85 y100 md-y100 lg-y100\" id=\"image_848510900\">\n\t\t\t\t\t\t\t\t<div class=\"img-inner dark\" >\n\t\t\t<img loading=\"lazy\" decoding=\"async\" width=\"354\" height=\"735\" src=\"https:\/\/todosplanosdesaude.com.br\/porto-seguro\/wp-content\/uploads\/2022\/01\/menina-1.png\" class=\"attachment-large size-large\" alt=\"\" srcset=\"https:\/\/todosplanosdesaude.com.br\/porto-seguro\/wp-content\/uploads\/2022\/01\/menina-1.png 354w, https:\/\/todosplanosdesaude.com.br\/porto-seguro\/wp-content\/uploads\/2022\/01\/menina-1-144x300.png 144w\" sizes=\"auto, (max-width: 354px) 100vw, 354px\" \/>\t\t\t\t\t\t\n\t\t\t\t\t<\/div>\n\t\t\t\t\t\t\t\t\n<style>\n#image_848510900 {\n  width: 20%;\n}\n<\/style>\n\t<\/div>\n\t\n        <\/div>\n      <\/div>\n\n            \n<style>\n#banner-2017426383 {\n  padding-top: 414px;\n}\n#banner-2017426383 .bg.bg-loaded {\n  background-image: url(https:\/\/todosplanosdesaude.com.br\/porto-seguro\/wp-content\/uploads\/2022\/01\/fundosula3-1024x511.png);\n}\n#banner-2017426383 .bg {\n  background-position: 67% 61%;\n}\n@media (min-width:550px) {\n  #banner-2017426383 {\n    padding-top: 500px;\n  }\n}\n<\/style>\n  <\/div>\n\n\n\t\t<\/div>\n\n\t\t\n<style>\n#section_2094969226 {\n  padding-top: 0px;\n  padding-bottom: 0px;\n}\n<\/style>\n\t<\/section>\n\t\n\t<section class=\"section\" id=\"section_245860465\">\n\t\t<div class=\"bg section-bg fill bg-fill  bg-loaded\" >\n\n\t\t\t\n\t\t\t\n\t\t\t\n\n\t\t<\/div>\n\n\t\t<div class=\"section-content relative\">\n\t\t\t\n<div class=\"row row-small\"  id=\"row-1644131889\">\n\n\t<div id=\"col-1191730242\" class=\"col medium-3 small-12 large-3\"  >\n\t\t<div class=\"col-inner text-center\"  >\n\t\t\t\n\t\t\t\n\t<div class=\"img has-hover x md-x lg-x y md-y lg-y\" id=\"image_684571149\">\n\t\t\t\t\t\t\t\t<div class=\"img-inner dark\" >\n\t\t\t<img loading=\"lazy\" decoding=\"async\" width=\"600\" height=\"339\" src=\"https:\/\/todosplanosdesaude.com.br\/porto-seguro\/wp-content\/uploads\/2021\/06\/a-Familiar-3.jpg\" class=\"attachment-large size-large\" alt=\"\" srcset=\"https:\/\/todosplanosdesaude.com.br\/porto-seguro\/wp-content\/uploads\/2021\/06\/a-Familiar-3.jpg 600w, https:\/\/todosplanosdesaude.com.br\/porto-seguro\/wp-content\/uploads\/2021\/06\/a-Familiar-3-300x170.jpg 300w\" sizes=\"auto, (max-width: 600px) 100vw, 600px\" \/>\t\t\t\t\t\t\n\t\t\t\t\t<\/div>\n\t\t\t\t\t\t\t\t\n<style>\n#image_684571149 {\n  width: 100%;\n}\n<\/style>\n\t<\/div>\n\t\n<h5>Plano de Sa\u00fade Familiar<\/h5>\n<p style=\"font-size: 13px;text-align:left\">A maior vantagem de possuir um plano familiar utilizando CNPJ, \u00e9 o pre\u00e7o. Costumam ser 30% mais baratos, se comparados aos planos por ades\u00e3o.<\/p>\n<a href=\"https:\/\/todosplanosdesaude.com.br\/porto-seguro\/plano-de-saude-familiar\/\" target=\"_self\" class=\"button primary is-link is-smaller\"  >\n    <span>SAIBA MAIS<\/span>\n  <i class=\"icon-angle-right\" ><\/i><\/a>\n\n\t<div id=\"gap-408534783\" class=\"gap-element clearfix show-for-small\" style=\"display:block; height:auto;\">\n\t\t\n<style>\n#gap-408534783 {\n  padding-top: 30px;\n}\n<\/style>\n\t<\/div>\n\t\n\t\t<\/div>\n\t\t\t<\/div>\n\n\t\n\n\t<div id=\"col-757154001\" class=\"col medium-3 small-12 large-3\"  >\n\t\t<div class=\"col-inner text-center\"  >\n\t\t\t\n\t\t\t\n\t<div class=\"img has-hover x md-x lg-x y md-y lg-y\" id=\"image_2118162468\">\n\t\t\t\t\t\t\t\t<div class=\"img-inner dark\" >\n\t\t\t<img loading=\"lazy\" decoding=\"async\" width=\"600\" height=\"339\" src=\"https:\/\/todosplanosdesaude.com.br\/porto-seguro\/wp-content\/uploads\/2021\/06\/b-MEI-3.jpg\" class=\"attachment-large size-large\" alt=\"\" srcset=\"https:\/\/todosplanosdesaude.com.br\/porto-seguro\/wp-content\/uploads\/2021\/06\/b-MEI-3.jpg 600w, https:\/\/todosplanosdesaude.com.br\/porto-seguro\/wp-content\/uploads\/2021\/06\/b-MEI-3-300x170.jpg 300w\" sizes=\"auto, (max-width: 600px) 100vw, 600px\" \/>\t\t\t\t\t\t\n\t\t\t\t\t<\/div>\n\t\t\t\t\t\t\t\t\n<style>\n#image_2118162468 {\n  width: 100%;\n}\n<\/style>\n\t<\/div>\n\t\n<h5>Plano de Sa\u00fade MEI<\/h5>\n<p style=\"font-size: 13px; text-align: left;\">A contrata\u00e7\u00e3o por um simples MEI, oferece a mesma estrutura e benef\u00edcios de um plano empresarial, tendo acesso a toda rede da SulAm\u00e9rica Sa\u00fade.<\/p>\n<a href=\"https:\/\/todosplanosdesaude.com.br\/porto-seguro\/plano-de-saude-mei\/\" target=\"_self\" class=\"button primary is-link is-smaller\"  >\n    <span>SAIBA MAIS<\/span>\n  <i class=\"icon-angle-right\" ><\/i><\/a>\n\n\t<div id=\"gap-687612949\" class=\"gap-element clearfix show-for-small\" style=\"display:block; height:auto;\">\n\t\t\n<style>\n#gap-687612949 {\n  padding-top: 30px;\n}\n<\/style>\n\t<\/div>\n\t\n\t\t<\/div>\n\t\t\t<\/div>\n\n\t\n\n\t<div id=\"col-1413855269\" class=\"col medium-3 small-12 large-3\"  >\n\t\t<div class=\"col-inner text-center\"  >\n\t\t\t\n\t\t\t\n\t<div class=\"img has-hover x md-x lg-x y md-y lg-y\" id=\"image_1484245721\">\n\t\t\t\t\t\t\t\t<div class=\"img-inner dark\" >\n\t\t\t<img loading=\"lazy\" decoding=\"async\" width=\"600\" height=\"339\" src=\"https:\/\/todosplanosdesaude.com.br\/porto-seguro\/wp-content\/uploads\/2021\/06\/c-PME-3.jpg\" class=\"attachment-large size-large\" alt=\"\" srcset=\"https:\/\/todosplanosdesaude.com.br\/porto-seguro\/wp-content\/uploads\/2021\/06\/c-PME-3.jpg 600w, https:\/\/todosplanosdesaude.com.br\/porto-seguro\/wp-content\/uploads\/2021\/06\/c-PME-3-300x170.jpg 300w\" sizes=\"auto, (max-width: 600px) 100vw, 600px\" \/>\t\t\t\t\t\t\n\t\t\t\t\t<\/div>\n\t\t\t\t\t\t\t\t\n<style>\n#image_1484245721 {\n  width: 100%;\n}\n<\/style>\n\t<\/div>\n\t\n<h5>Plano de Sa\u00fade PME<\/h5>\n<p style=\"font-size: 13px;text-align:left\">Assim como \u00e9 poss\u00edvel contratar para os funcion\u00e1rios, \u00e9 poss\u00edvel adquirir apenas para os familiares, incluindo marido\/esposa e filhos.<\/p>\n<a href=\"https:\/\/todosplanosdesaude.com.br\/porto-seguro\/plano-de-saude-pme\/\" target=\"_self\" class=\"button primary is-link is-smaller\"  >\n    <span>SAIBA MAIS<\/span>\n  <i class=\"icon-angle-right\" ><\/i><\/a>\n\n\t<div id=\"gap-2099609629\" class=\"gap-element clearfix show-for-small\" style=\"display:block; height:auto;\">\n\t\t\n<style>\n#gap-2099609629 {\n  padding-top: 30px;\n}\n<\/style>\n\t<\/div>\n\t\n\t\t<\/div>\n\t\t\t<\/div>\n\n\t\n\n\t<div id=\"col-1881395581\" class=\"col medium-3 small-12 large-3\"  >\n\t\t<div class=\"col-inner text-center\"  >\n\t\t\t\n\t\t\t\n\t<div class=\"img has-hover x md-x lg-x y md-y lg-y\" id=\"image_142690962\">\n\t\t\t\t\t\t\t\t<div class=\"img-inner dark\" >\n\t\t\t<img loading=\"lazy\" decoding=\"async\" width=\"600\" height=\"339\" src=\"https:\/\/todosplanosdesaude.com.br\/porto-seguro\/wp-content\/uploads\/2021\/06\/Empresarial-1.jpg\" class=\"attachment-large size-large\" alt=\"\" srcset=\"https:\/\/todosplanosdesaude.com.br\/porto-seguro\/wp-content\/uploads\/2021\/06\/Empresarial-1.jpg 600w, https:\/\/todosplanosdesaude.com.br\/porto-seguro\/wp-content\/uploads\/2021\/06\/Empresarial-1-300x170.jpg 300w\" sizes=\"auto, (max-width: 600px) 100vw, 600px\" \/>\t\t\t\t\t\t\n\t\t\t\t\t<\/div>\n\t\t\t\t\t\t\t\t\n<style>\n#image_142690962 {\n  width: 100%;\n}\n<\/style>\n\t<\/div>\n\t\n<h5>Plano de Sa\u00fade Empresarial<\/h5>\n<p style=\"font-size: 13px;text-align:left\">O melhor custo benef\u00edcio para empresas acima de 29 funcion\u00e1rios, oferece todos os planos com abrang\u00eancia nacional e car\u00eancia Zero!<\/p>\n<a href=\"https:\/\/todosplanosdesaude.com.br\/porto-seguro\/plano-de-saude-empresarial\/\" target=\"_self\" class=\"button primary is-link is-smaller\"  style=\"border-radius:10px;\">\n    <span>SAIBA MAIS<\/span>\n  <i class=\"icon-angle-right\" ><\/i><\/a>\n\n\t<div id=\"gap-1950384488\" class=\"gap-element clearfix show-for-small\" style=\"display:block; height:auto;\">\n\t\t\n<style>\n#gap-1950384488 {\n  padding-top: 30px;\n}\n<\/style>\n\t<\/div>\n\t\n\t\t<\/div>\n\t\t\t<\/div>\n\n\t\n<\/div>\n\t\t<\/div>\n\n\t\t\n<style>\n#section_245860465 {\n  padding-top: 30px;\n  padding-bottom: 30px;\n}\n<\/style>\n\t<\/section>\n\t\n\t<section class=\"section padbot0\" id=\"section_1504605027\">\n\t\t<div class=\"bg section-bg fill bg-fill  bg-loaded\" >\n\n\t\t\t\n\t\t\t\n\t\t\t\n\n\t\t<\/div>\n\n\t\t<div class=\"section-content relative\">\n\t\t\t\n<div class=\"row align-middle\"  id=\"row-502143063\">\n\n\t<div id=\"col-720211284\" class=\"col colpad0 medium-6 small-12 large-6\"  >\n\t\t<div class=\"col-inner\"  >\n\t\t\t\n\t\t\t\n<h3 class=\"colortema\">SOBRE A SULAM\u00c9RICA SA\u00daDE<\/h3>\n<p>A SulAm\u00e9rica Sa\u00fade se orgulha de contar atualmente com mais de 7 milh\u00f5es de clientes em nossa carteira de produtos. Atingimos esse n\u00famero ao longo de mais de 120 anos de atua\u00e7\u00e3o no mercado, sempre baseada em uma rela\u00e7\u00e3o transparente, \u00e9tica e comprometida com a sustentabilidade.<\/p>\n<p>Cuidar da sa\u00fade s\u00f3 faz bem, por isso a SulAm\u00e9rica Sa\u00fade oferece um conjunto de programas e a\u00e7\u00f5es focados na promo\u00e7\u00e3o da sa\u00fade, preven\u00e7\u00e3o e tratamento de doen\u00e7as, para empresas que querem estimular a qualidade de vida dos funcion\u00e1rios.<\/p>\n<p><i class=\"fa fa-check\"><\/i>\u00a0Tradi\u00e7\u00e3o e Solidez<br \/><i class=\"fa fa-check\"><\/i>\u00a0Maior seguradora independente do Brasil<br \/><i class=\"fa fa-check\"><\/i>\u00a0+ de 120 anos de exist\u00eancia<br \/><i class=\"fa fa-check\"><\/i>\u00a090 filiais<br \/><i class=\"fa fa-check\"><\/i>\u00a07 milh\u00f5es de clientes<br \/><i class=\"fa fa-check\"><\/i>\u00a05 mil funcion\u00e1rios<br \/><i class=\"fa fa-check\"><\/i>\u00a030 mil corretores ativos<br \/><i class=\"fa fa-check\"><\/i>\u00a020 mil prestadores de servi\u00e7os de sa\u00fade<\/p>\n\t\t<\/div>\n\t\t\n<style>\n#col-720211284 > .col-inner {\n  padding: 23px 0px 11px 17px;\n}\n@media (min-width:550px) {\n  #col-720211284 > .col-inner {\n    padding: 0px 0px 0px 39px;\n  }\n}\n<\/style>\n\t<\/div>\n\n\t\n\n\t<div id=\"col-40652786\" class=\"col colpad0 hide-for-small medium-6 small-12 large-6\"  >\n\t\t<div class=\"col-inner\"  >\n\t\t\t\n\t\t\t\n\t<div class=\"img has-hover padbot0 x md-x lg-x y md-y lg-y\" id=\"image_1864088086\">\n\t\t\t\t\t\t\t\t<div class=\"img-inner dark\" >\n\t\t\t<img loading=\"lazy\" decoding=\"async\" width=\"555\" height=\"682\" src=\"https:\/\/todosplanosdesaude.com.br\/porto-seguro\/wp-content\/uploads\/2021\/06\/1.1.jpg\" class=\"attachment-large size-large\" alt=\"\" srcset=\"https:\/\/todosplanosdesaude.com.br\/porto-seguro\/wp-content\/uploads\/2021\/06\/1.1.jpg 555w, https:\/\/todosplanosdesaude.com.br\/porto-seguro\/wp-content\/uploads\/2021\/06\/1.1-244x300.jpg 244w\" sizes=\"auto, (max-width: 555px) 100vw, 555px\" \/>\t\t\t\t\t\t\n\t\t\t\t\t<\/div>\n\t\t\t\t\t\t\t\t\n<style>\n#image_1864088086 {\n  width: 100%;\n}\n<\/style>\n\t<\/div>\n\t\n\t\t<\/div>\n\t\t\t<\/div>\n\n\t\n<\/div>\n\t\t<\/div>\n\n\t\t\n<style>\n#section_1504605027 {\n  padding-top: 0px;\n  padding-bottom: 0px;\n}\n<\/style>\n\t<\/section>\n\t\n\t<section class=\"section\" id=\"section_1571395829\">\n\t\t<div class=\"bg section-bg fill bg-fill  bg-loaded\" >\n\n\t\t\t\n\t\t\t<div class=\"section-bg-overlay absolute fill\"><\/div>\n\t\t\t\n\n\t\t<\/div>\n\n\t\t<div class=\"section-content relative\">\n\t\t\t\n\t<div id=\"gap-922758503\" class=\"gap-element clearfix\" style=\"display:block; height:auto;\">\n\t\t\n<style>\n#gap-922758503 {\n  padding-top: 30px;\n}\n<\/style>\n\t<\/div>\n\t\n<div class=\"row align-middle\"  id=\"row-1994833975\">\n\n\t<div id=\"col-1796689433\" class=\"col hide-for-small medium-6 small-12 large-6\"  >\n\t\t<div class=\"col-inner\"  >\n\t\t\t\n\t\t\t\n\t<div class=\"img has-hover x md-x lg-x y md-y lg-y\" id=\"image_1672745137\">\n\t\t\t\t\t\t\t\t<div class=\"img-inner dark\" >\n\t\t\t<img loading=\"lazy\" decoding=\"async\" width=\"1020\" height=\"634\" src=\"https:\/\/todosplanosdesaude.com.br\/porto-seguro\/wp-content\/uploads\/2021\/06\/2.1-1024x636.jpg\" class=\"attachment-large size-large\" alt=\"\" srcset=\"https:\/\/todosplanosdesaude.com.br\/porto-seguro\/wp-content\/uploads\/2021\/06\/2.1-1024x636.jpg 1024w, https:\/\/todosplanosdesaude.com.br\/porto-seguro\/wp-content\/uploads\/2021\/06\/2.1-300x186.jpg 300w, https:\/\/todosplanosdesaude.com.br\/porto-seguro\/wp-content\/uploads\/2021\/06\/2.1-768x477.jpg 768w, https:\/\/todosplanosdesaude.com.br\/porto-seguro\/wp-content\/uploads\/2021\/06\/2.1-1536x954.jpg 1536w, https:\/\/todosplanosdesaude.com.br\/porto-seguro\/wp-content\/uploads\/2021\/06\/2.1-2048x1272.jpg 2048w\" sizes=\"auto, (max-width: 1020px) 100vw, 1020px\" \/>\t\t\t\t\t\t\n\t\t\t\t\t<\/div>\n\t\t\t\t\t\t\t\t\n<style>\n#image_1672745137 {\n  width: 100%;\n}\n<\/style>\n\t<\/div>\n\t\n\t\t<\/div>\n\t\t\t<\/div>\n\n\t\n\n\t<div id=\"col-1290680531\" class=\"col medium-6 small-12 large-6\"  >\n\t\t<div class=\"col-inner\"  >\n\t\t\t\n\t\t\t\n<h3 class=\"colortema\">SULAM\u00c9RICA SA\u00daDE \u2013 REDE CREDENCIADA<\/h3>\n<p>A rede credenciada da SulAm\u00e9rica Sa\u00fade conta com mais de 1.400 hospitais e mais de 2.900 laborat\u00f3rios em todo Brasil.<br \/>Aqui destacamos algumas das op\u00e7\u00f5es mais conhecidas.<\/p>\n<div class=\"row row-collapse\"  id=\"row-1154504189\">\n\n\t<div id=\"col-20249739\" class=\"col medium-6 small-12 large-6\"  >\n\t\t<div class=\"col-inner\"  >\n\t\t\t\n\t\t\t\n\t<div id=\"text-1778136916\" class=\"text\">\n\t\t\n<ul style=\"font-size:14px; line-height:17px\">\n<li class=\"color-mid mb-10 bluesul\">Hospital Benefic\u00eancia Portuguesa<\/li>\n<li class=\"color-mid mb-10 bluesul\">Hospital S\u00e3o Luiz<\/li>\n<li class=\"color-mid mb-10 bluesul\">Incor &#8211; Instituto do Cora\u00e7\u00e3o<\/li>\n<li class=\"color-mid mb-10 bluesul\">Hospital S\u00e3o Paulo<\/li>\n<li class=\"color-mid mb-10 bluesul\">Hospital Alvorada<\/li>\n<li class=\"color-mid mb-10 bluesul\">Hospital Nove de Julho<\/li>\n<li class=\"color-mid mb-10 bluesul\">Hospital Metropolitano<\/li>\n<li class=\"color-mid mb-10 bluesul\">Hospital Vit\u00f3ria<\/li>\n<li class=\"color-mid mb-10 bluesul\">Hospital Igesp<\/li>\n<li class=\"color-mid mb-10 bluesul\">Hospital Paulistano<\/li>\n<\/ul>\n\t\t\n<style>\n#text-1778136916 {\n  font-size: 0.75rem;\n}\n<\/style>\n\t<\/div>\n\t\n\t\t<\/div>\n\t\t\t<\/div>\n\n\t\n\n\t<div id=\"col-1485218765\" class=\"col medium-6 small-12 large-6\"  >\n\t\t<div class=\"col-inner\"  >\n\t\t\t\n\t\t\t\n\t<div id=\"text-705677948\" class=\"text\">\n\t\t\n<div style=\"margin-top: -10px;\" class=\"hide-on-med-and-up show-on-small\"><\/div>\n<ul style=\"font-size:14px; line-height:17px\">\n<li>Hospital San Paolo<\/li>\n<li>Hospital Leforte<\/li>\n<li>Hospital S\u00e3o Camilo<\/li>\n<li>Hospital Santa Catarina<\/li>\n<li>Hospital Santa Joana<\/li>\n<li>HCor &#8211; Hospital do Cora\u00e7\u00e3o<\/li>\n<li>Hospital Samaritano<\/li>\n<li>Hospital Alem\u00e3o Oswaldo Cruz<\/li>\n<li>Hospital Israelita Albert Einstein<\/li>\n<li>Hospital S\u00edrio Liban\u00eas<\/li>\n<\/ul>\n\t\t\n<style>\n#text-705677948 {\n  font-size: 0.75rem;\n}\n<\/style>\n\t<\/div>\n\t\n\t\t<\/div>\n\t\t\t<\/div>\n\n\t\n<\/div>\n\t\t<\/div>\n\t\t\t<\/div>\n\n\t\n<\/div>\n\t\t<\/div>\n\n\t\t\n<style>\n#section_1571395829 {\n  padding-top: 0px;\n  padding-bottom: 0px;\n}\n#section_1571395829 .section-bg-overlay {\n  background-color: rgb(250, 250, 250);\n}\n<\/style>\n\t<\/section>\n\t\n","protected":false},"excerpt":{"rendered":"","protected":false},"author":1,"featured_media":0,"parent":0,"menu_order":0,"comment_status":"closed","ping_status":"closed","template":"page-blank.php","meta":{"footnotes":""},"class_list":["post-14","page","type-page","status-publish","hentry"],"yoast_head":"<!-- This site is optimized with the Yoast SEO plugin v15.9 - https:\/\/yoast.com\/wordpress\/plugins\/seo\/ -->\n<title>Home - Plano de Sa\u00fade SulAm\u00e9rica<\/title>\n<meta name=\"description\" content=\"Saiba tudo sobre o Plano de sa\u00fade SulAm\u00e9rica. Rede Credenciada, Tabela de Valores e Diferenciais. Ligue (11) 5063-0043\" \/>\n<meta name=\"robots\" content=\"index, follow, max-snippet:-1, max-image-preview:large, max-video-preview:-1\" \/>\n<link rel=\"canonical\" href=\"https:\/\/todosplanosdesaude.com.br\/porto-seguro\/\" \/>\n<meta property=\"og:locale\" content=\"pt_BR\" \/>\n<meta property=\"og:type\" content=\"article\" \/>\n<meta property=\"og:title\" content=\"Home - Plano de Sa\u00fade SulAm\u00e9rica\" \/>\n<meta property=\"og:description\" content=\"Saiba tudo sobre o Plano de sa\u00fade SulAm\u00e9rica. Rede Credenciada, Tabela de Valores e Diferenciais. Ligue (11) 5063-0043\" \/>\n<meta property=\"og:url\" content=\"https:\/\/todosplanosdesaude.com.br\/porto-seguro\/\" \/>\n<meta property=\"og:site_name\" content=\"Plano de Sa\u00fade SulAm\u00e9rica\" \/>\n<meta property=\"article:modified_time\" content=\"2022-01-31T20:56:35+00:00\" \/>\n<meta name=\"twitter:card\" content=\"summary_large_image\" \/>\n<script type=\"application\/ld+json\" class=\"yoast-schema-graph\">{\"@context\":\"https:\/\/schema.org\",\"@graph\":[{\"@type\":\"WebSite\",\"@id\":\"https:\/\/todosplanosdesaude.com.br\/porto-seguro\/#website\",\"url\":\"https:\/\/todosplanosdesaude.com.br\/porto-seguro\/\",\"name\":\"Plano de Sa\\u00fade SulAm\\u00e9rica\",\"description\":\"\",\"potentialAction\":[{\"@type\":\"SearchAction\",\"target\":\"https:\/\/todosplanosdesaude.com.br\/porto-seguro\/?s={search_term_string}\",\"query-input\":\"required name=search_term_string\"}],\"inLanguage\":\"pt-BR\"},{\"@type\":\"WebPage\",\"@id\":\"https:\/\/todosplanosdesaude.com.br\/porto-seguro\/#webpage\",\"url\":\"https:\/\/todosplanosdesaude.com.br\/porto-seguro\/\",\"name\":\"Home - Plano de Sa\\u00fade SulAm\\u00e9rica\",\"isPartOf\":{\"@id\":\"https:\/\/todosplanosdesaude.com.br\/porto-seguro\/#website\"},\"datePublished\":\"2021-02-11T16:41:15+00:00\",\"dateModified\":\"2022-01-31T20:56:35+00:00\",\"description\":\"Saiba tudo sobre o Plano de sa\\u00fade SulAm\\u00e9rica. Rede Credenciada, Tabela de Valores e Diferenciais. Ligue (11) 5063-0043\",\"breadcrumb\":{\"@id\":\"https:\/\/todosplanosdesaude.com.br\/porto-seguro\/#breadcrumb\"},\"inLanguage\":\"pt-BR\",\"potentialAction\":[{\"@type\":\"ReadAction\",\"target\":[\"https:\/\/todosplanosdesaude.com.br\/porto-seguro\/\"]}]},{\"@type\":\"BreadcrumbList\",\"@id\":\"https:\/\/todosplanosdesaude.com.br\/porto-seguro\/#breadcrumb\",\"itemListElement\":[{\"@type\":\"ListItem\",\"position\":1,\"item\":{\"@type\":\"WebPage\",\"@id\":\"https:\/\/todosplanosdesaude.com.br\/porto-seguro\/\",\"url\":\"https:\/\/todosplanosdesaude.com.br\/porto-seguro\/\",\"name\":\"Home\"}},{\"@type\":\"ListItem\",\"position\":2,\"item\":{\"@type\":\"WebPage\",\"@id\":\"https:\/\/todosplanosdesaude.com.br\/porto-seguro\/\",\"url\":\"https:\/\/todosplanosdesaude.com.br\/porto-seguro\/\",\"name\":\"Home\"}}]},{\"@type\":\"Person\",\"@id\":\"https:\/\/todosplanosdesaude.com.br\/porto-seguro\/#\/schema\/person\/3b5501e32726793f147ab7e7ac73cd63\",\"name\":\"admin\",\"image\":{\"@type\":\"ImageObject\",\"@id\":\"https:\/\/todosplanosdesaude.com.br\/porto-seguro\/#personlogo\",\"inLanguage\":\"pt-BR\",\"url\":\"https:\/\/secure.gravatar.com\/avatar\/f773c06e74300a801c654fdc9cc85e85?s=96&d=mm&r=g\",\"caption\":\"admin\"},\"sameAs\":[\"https:\/\/todosplanosdesaude.com.br\/porto-seguro\"]}]}<\/script>\n<!-- \/ Yoast SEO plugin. -->","_links":{"self":[{"href":"https:\/\/todosplanosdesaude.com.br\/porto-seguro\/wp-json\/wp\/v2\/pages\/14","targetHints":{"allow":["GET"]}}],"collection":[{"href":"https:\/\/todosplanosdesaude.com.br\/porto-seguro\/wp-json\/wp\/v2\/pages"}],"about":[{"href":"https:\/\/todosplanosdesaude.com.br\/porto-seguro\/wp-json\/wp\/v2\/types\/page"}],"author":[{"embeddable":true,"href":"https:\/\/todosplanosdesaude.com.br\/porto-seguro\/wp-json\/wp\/v2\/users\/1"}],"replies":[{"embeddable":true,"href":"https:\/\/todosplanosdesaude.com.br\/porto-seguro\/wp-json\/wp\/v2\/comments?post=14"}],"version-history":[{"count":132,"href":"https:\/\/todosplanosdesaude.com.br\/porto-seguro\/wp-json\/wp\/v2\/pages\/14\/revisions"}],"predecessor-version":[{"id":1273,"href":"https:\/\/todosplanosdesaude.com.br\/porto-seguro\/wp-json\/wp\/v2\/pages\/14\/revisions\/1273"}],"wp:attachment":[{"href":"https:\/\/todosplanosdesaude.com.br\/porto-seguro\/wp-json\/wp\/v2\/media?parent=14"}],"curies":[{"name":"wp","href":"https:\/\/api.w.org\/{rel}","templated":true}]}}