{"id":14,"date":"2021-02-11T16:41:15","date_gmt":"2021-02-11T16:41:15","guid":{"rendered":"https:\/\/todosplanosdesaude.com.br\/sulamerica-saude\/?page_id=14"},"modified":"2024-05-01T20:52:39","modified_gmt":"2024-05-01T20:52:39","slug":"home","status":"publish","type":"page","link":"https:\/\/todosplanosdesaude.com.br\/sulamerica-saude\/","title":{"rendered":"Home"},"content":{"rendered":"\t<section class=\"section\" id=\"section_871050616\">\n\t\t<div class=\"bg section-bg fill bg-fill  bg-loaded\" >\n\n\t\t\t\n\t\t\t\n\t\t\t\n\n\t\t<\/div>\n\n\t\t<div class=\"section-content relative\">\n\t\t\t\n\n  <div class=\"banner has-hover mtopmen20\" id=\"banner-511798982\">\n          <div class=\"banner-inner fill\">\n        <div class=\"banner-bg fill\" >\n            <div class=\"bg fill bg-fill \"><\/div>\n                                    \n                    <\/div>\n        <div class=\"banner-layers container\">\n            <div class=\"fill banner-link\"><\/div>            \n   <div id=\"text-box-219859402\" class=\"text-box banner-layer x50 md-x0 lg-x0 y15 md-y50 lg-y50 res-text\">\n                                <div class=\"text dark\">\n              \n              <div class=\"text-inner text-center\">\n                  \n\t<div id=\"text-1356690142\" class=\"text show-for-small\">\n\t\t\n<h3 align=\"center\">Plano de Sa\u00fade MEI e Familiar<\/h3>\n<p style=\"font-size: 22px;\" align=\"center\">Economia de At\u00e9 30%! <br \/>Pre\u00e7o Acess\u00edvel. Confira!<\/p>\n\t\t\n<style>\n#text-1356690142 {\n  font-size: 1.25rem;\n  color: rgb(30, 30, 132);\n}\n#text-1356690142 > * {\n  color: rgb(30, 30, 132);\n}\n<\/style>\n\t<\/div>\n\t\n\t<div id=\"text-3498455756\" class=\"text hide-for-medium\">\n\t\t\n<h3 align=\"center\">Plano de Sa\u00fade MEI e Empresarial<\/h3>\n<p style=\"font-size: 22px;\" align=\"center\">Economia de At\u00e9 30%! Pre\u00e7o Imbat\u00edvel. Confira!<\/p>\n\t\t\n<style>\n#text-3498455756 {\n  font-size: 1.25rem;\n  color: rgb(1, 38, 94);\n}\n#text-3498455756 > * {\n  color: rgb(1, 38, 94);\n}\n<\/style>\n\t<\/div>\n\t\n<a href=\"https:\/\/todosplanosdesaude.com.br\/sulamerica-saude\/orcamento\/\" target=\"_self\" class=\"button primary is-larger botinvertido show-for-small\"  style=\"border-radius:43px;\">\n    <span>SOLICITE OR\u00c7AMENTO<\/span>\n  <\/a>\n\n<a href=\"https:\/\/todosplanosdesaude.com.br\/sulamerica-saude\/orcamento\/\" target=\"_self\" class=\"button primary botinvertido hide-for-medium\"  style=\"border-radius:43px;\">\n    <span>SOLICITE OR\u00c7AMENTO<\/span>\n  <\/a>\n\n              <\/div>\n           <\/div>\n                            \n<style>\n#text-box-219859402 {\n  width: 97%;\n}\n#text-box-219859402 .text {\n  font-size: 100%;\n}\n@media (min-width:550px) {\n  #text-box-219859402 {\n    width: 54%;\n  }\n}\n<\/style>\n    <\/div>\n \n\t<div class=\"img has-hover hide-for-small x85 md-x85 lg-x85 y100 md-y100 lg-y100\" id=\"image_1700859308\">\n\t\t\t\t\t\t\t\t<div class=\"img-inner dark\" >\n\t\t\t<img loading=\"lazy\" decoding=\"async\" width=\"354\" height=\"735\" src=\"https:\/\/todosplanosdesaude.com.br\/sulamerica-saude\/wp-content\/uploads\/2022\/01\/menina-1.png\" class=\"attachment-large size-large\" alt=\"\" srcset=\"https:\/\/todosplanosdesaude.com.br\/sulamerica-saude\/wp-content\/uploads\/2022\/01\/menina-1.png 354w, https:\/\/todosplanosdesaude.com.br\/sulamerica-saude\/wp-content\/uploads\/2022\/01\/menina-1-144x300.png 144w\" sizes=\"auto, (max-width: 354px) 100vw, 354px\" \/>\t\t\t\t\t\t\n\t\t\t\t\t<\/div>\n\t\t\t\t\t\t\t\t\n<style>\n#image_1700859308 {\n  width: 20%;\n}\n<\/style>\n\t<\/div>\n\t\n        <\/div>\n      <\/div>\n\n            \n<style>\n#banner-511798982 {\n  padding-top: 414px;\n}\n#banner-511798982 .bg.bg-loaded {\n  background-image: url(https:\/\/todosplanosdesaude.com.br\/sulamerica-saude\/wp-content\/uploads\/2022\/01\/fundosula3-1024x511.png);\n}\n#banner-511798982 .bg {\n  background-position: 67% 61%;\n}\n@media (min-width:550px) {\n  #banner-511798982 {\n    padding-top: 500px;\n  }\n}\n<\/style>\n  <\/div>\n\n\n\t\t<\/div>\n\n\t\t\n<style>\n#section_871050616 {\n  padding-top: 0px;\n  padding-bottom: 0px;\n}\n<\/style>\n\t<\/section>\n\t\n\t<section class=\"section\" id=\"section_638398799\">\n\t\t<div class=\"bg section-bg fill bg-fill  bg-loaded\" >\n\n\t\t\t\n\t\t\t\n\t\t\t\n\n\t\t<\/div>\n\n\t\t<div class=\"section-content relative\">\n\t\t\t\n<div class=\"row row-small\"  id=\"row-400916481\">\n\n\t<div id=\"col-1582523659\" class=\"col medium-3 small-12 large-3\"  >\n\t\t<div class=\"col-inner text-center\"  >\n\t\t\t\n\t\t\t\n\t<div class=\"img has-hover x md-x lg-x y md-y lg-y\" id=\"image_1278248420\">\n\t\t\t\t\t\t\t\t<div class=\"img-inner dark\" >\n\t\t\t<img loading=\"lazy\" decoding=\"async\" width=\"600\" height=\"339\" src=\"https:\/\/todosplanosdesaude.com.br\/sulamerica-saude\/wp-content\/uploads\/2021\/06\/a-Familiar-3.jpg\" class=\"attachment-large size-large\" alt=\"\" srcset=\"https:\/\/todosplanosdesaude.com.br\/sulamerica-saude\/wp-content\/uploads\/2021\/06\/a-Familiar-3.jpg 600w, https:\/\/todosplanosdesaude.com.br\/sulamerica-saude\/wp-content\/uploads\/2021\/06\/a-Familiar-3-300x170.jpg 300w\" sizes=\"auto, (max-width: 600px) 100vw, 600px\" \/>\t\t\t\t\t\t\n\t\t\t\t\t<\/div>\n\t\t\t\t\t\t\t\t\n<style>\n#image_1278248420 {\n  width: 100%;\n}\n<\/style>\n\t<\/div>\n\t\n<h5>Plano de Sa\u00fade Familiar<\/h5>\n<p style=\"font-size: 13px; text-align: left;\">A maior vantagem de adquirir um plano familiar utilizando um CNPJ \u00e9 o aspecto financeiro. Normalmente, esses planos s\u00e3o at\u00e9 30% mais econ\u00f4micos do que os planos por ades\u00e3o.<\/p>\n<a href=\"https:\/\/todosplanosdesaude.com.br\/sulamerica-saude\/plano-de-saude-familiar\/\" target=\"_self\" class=\"button primary is-link is-smaller\"  >\n    <span>SAIBA MAIS<\/span>\n  <i class=\"icon-angle-right\" ><\/i><\/a>\n\n\t<div id=\"gap-456181529\" class=\"gap-element clearfix show-for-small\" style=\"display:block; height:auto;\">\n\t\t\n<style>\n#gap-456181529 {\n  padding-top: 30px;\n}\n<\/style>\n\t<\/div>\n\t\n\t\t<\/div>\n\t\t\t<\/div>\n\n\t\n\n\t<div id=\"col-170700302\" class=\"col medium-3 small-12 large-3\"  >\n\t\t<div class=\"col-inner text-center\"  >\n\t\t\t\n\t\t\t\n\t<div class=\"img has-hover x md-x lg-x y md-y lg-y\" id=\"image_311109551\">\n\t\t\t\t\t\t\t\t<div class=\"img-inner dark\" >\n\t\t\t<img loading=\"lazy\" decoding=\"async\" width=\"600\" height=\"339\" src=\"https:\/\/todosplanosdesaude.com.br\/sulamerica-saude\/wp-content\/uploads\/2021\/06\/b-MEI-3.jpg\" class=\"attachment-large size-large\" alt=\"\" srcset=\"https:\/\/todosplanosdesaude.com.br\/sulamerica-saude\/wp-content\/uploads\/2021\/06\/b-MEI-3.jpg 600w, https:\/\/todosplanosdesaude.com.br\/sulamerica-saude\/wp-content\/uploads\/2021\/06\/b-MEI-3-300x170.jpg 300w\" sizes=\"auto, (max-width: 600px) 100vw, 600px\" \/>\t\t\t\t\t\t\n\t\t\t\t\t<\/div>\n\t\t\t\t\t\t\t\t\n<style>\n#image_311109551 {\n  width: 100%;\n}\n<\/style>\n\t<\/div>\n\t\n<h5>Plano de Sa\u00fade MEI<\/h5>\n<p style=\"font-size: 13px; text-align: left;\">A contrata\u00e7\u00e3o por meio de um MEI oferece a mesma estrutura e benef\u00edcios de um plano empresarial, proporcionando acesso \u00e0 toda a rede da SulAm\u00e9rica Sa\u00fade.<\/p>\n<a href=\"https:\/\/todosplanosdesaude.com.br\/sulamerica-saude\/plano-de-saude-mei\/\" target=\"_self\" class=\"button primary is-link is-smaller\"  >\n    <span>SAIBA MAIS<\/span>\n  <i class=\"icon-angle-right\" ><\/i><\/a>\n\n\t<div id=\"gap-1869806988\" class=\"gap-element clearfix show-for-small\" style=\"display:block; height:auto;\">\n\t\t\n<style>\n#gap-1869806988 {\n  padding-top: 30px;\n}\n<\/style>\n\t<\/div>\n\t\n\t\t<\/div>\n\t\t\t<\/div>\n\n\t\n\n\t<div id=\"col-495119273\" class=\"col medium-3 small-12 large-3\"  >\n\t\t<div class=\"col-inner text-center\"  >\n\t\t\t\n\t\t\t\n\t<div class=\"img has-hover x md-x lg-x y md-y lg-y\" id=\"image_1629042541\">\n\t\t\t\t\t\t\t\t<div class=\"img-inner dark\" >\n\t\t\t<img loading=\"lazy\" decoding=\"async\" width=\"600\" height=\"339\" src=\"https:\/\/todosplanosdesaude.com.br\/sulamerica-saude\/wp-content\/uploads\/2021\/06\/c-PME-3.jpg\" class=\"attachment-large size-large\" alt=\"\" srcset=\"https:\/\/todosplanosdesaude.com.br\/sulamerica-saude\/wp-content\/uploads\/2021\/06\/c-PME-3.jpg 600w, https:\/\/todosplanosdesaude.com.br\/sulamerica-saude\/wp-content\/uploads\/2021\/06\/c-PME-3-300x170.jpg 300w\" sizes=\"auto, (max-width: 600px) 100vw, 600px\" \/>\t\t\t\t\t\t\n\t\t\t\t\t<\/div>\n\t\t\t\t\t\t\t\t\n<style>\n#image_1629042541 {\n  width: 100%;\n}\n<\/style>\n\t<\/div>\n\t\n<h5>Plano de Sa\u00fade PME<\/h5>\n<p style=\"font-size: 13px; text-align: left;\">Da mesma forma que \u00e9 poss\u00edvel contratar planos para os funcion\u00e1rios, tamb\u00e9m \u00e9 vi\u00e1vel adquirir exclusivamente para os familiares, incluindo o c\u00f4njuge e os filhos.<\/p>\n<a href=\"https:\/\/todosplanosdesaude.com.br\/sulamerica-saude\/plano-de-saude-pme\/\" target=\"_self\" class=\"button primary is-link is-smaller\"  >\n    <span>SAIBA MAIS<\/span>\n  <i class=\"icon-angle-right\" ><\/i><\/a>\n\n\t<div id=\"gap-862128169\" class=\"gap-element clearfix show-for-small\" style=\"display:block; height:auto;\">\n\t\t\n<style>\n#gap-862128169 {\n  padding-top: 30px;\n}\n<\/style>\n\t<\/div>\n\t\n\t\t<\/div>\n\t\t\t<\/div>\n\n\t\n\n\t<div id=\"col-90168011\" class=\"col medium-3 small-12 large-3\"  >\n\t\t<div class=\"col-inner text-center\"  >\n\t\t\t\n\t\t\t\n\t<div class=\"img has-hover x md-x lg-x y md-y lg-y\" id=\"image_1231567083\">\n\t\t\t\t\t\t\t\t<div class=\"img-inner dark\" >\n\t\t\t<img loading=\"lazy\" decoding=\"async\" width=\"600\" height=\"339\" src=\"https:\/\/todosplanosdesaude.com.br\/sulamerica-saude\/wp-content\/uploads\/2021\/06\/Empresarial-1.jpg\" class=\"attachment-large size-large\" alt=\"\" srcset=\"https:\/\/todosplanosdesaude.com.br\/sulamerica-saude\/wp-content\/uploads\/2021\/06\/Empresarial-1.jpg 600w, https:\/\/todosplanosdesaude.com.br\/sulamerica-saude\/wp-content\/uploads\/2021\/06\/Empresarial-1-300x170.jpg 300w\" sizes=\"auto, (max-width: 600px) 100vw, 600px\" \/>\t\t\t\t\t\t\n\t\t\t\t\t<\/div>\n\t\t\t\t\t\t\t\t\n<style>\n#image_1231567083 {\n  width: 100%;\n}\n<\/style>\n\t<\/div>\n\t\n<h5>Plano de Sa\u00fade Empresarial<\/h5>\n<p style=\"font-size: 13px; text-align: left;\">O melhor custo-benef\u00edcio para empresas com mais de 29 funcion\u00e1rios oferece todos os planos com cobertura nacional e car\u00eancia zero!<\/p>\n<a href=\"https:\/\/todosplanosdesaude.com.br\/sulamerica-saude\/plano-de-saude-empresarial\/\" target=\"_self\" class=\"button primary is-link is-smaller\"  style=\"border-radius:10px;\">\n    <span>SAIBA MAIS<\/span>\n  <i class=\"icon-angle-right\" ><\/i><\/a>\n\n\t<div id=\"gap-541328486\" class=\"gap-element clearfix show-for-small\" style=\"display:block; height:auto;\">\n\t\t\n<style>\n#gap-541328486 {\n  padding-top: 30px;\n}\n<\/style>\n\t<\/div>\n\t\n\t\t<\/div>\n\t\t\t<\/div>\n\n\t\n<\/div>\n\t\t<\/div>\n\n\t\t\n<style>\n#section_638398799 {\n  padding-top: 30px;\n  padding-bottom: 30px;\n}\n<\/style>\n\t<\/section>\n\t\n\t<section class=\"section padbot0\" id=\"section_721807905\">\n\t\t<div class=\"bg section-bg fill bg-fill  bg-loaded\" >\n\n\t\t\t\n\t\t\t\n\t\t\t\n\n\t\t<\/div>\n\n\t\t<div class=\"section-content relative\">\n\t\t\t\n<div class=\"row align-middle\"  id=\"row-213192532\">\n\n\t<div id=\"col-1646326712\" class=\"col colpad0 medium-6 small-12 large-6\"  >\n\t\t<div class=\"col-inner\"  >\n\t\t\t\n\t\t\t\n<h3 class=\"colortema\">SOBRE A SULAM\u00c9RICA SA\u00daDE<\/h3>\n<p>A SulAm\u00e9rica Sa\u00fade tem o orgulho de contar atualmente com mais de 7 milh\u00f5es <span style=\"font-size: 14.4px;\">de clientes em nossa carteira de produtos.<\/span><\/p>\n<p>Alcan\u00e7amos esse marco ao longo de mais de 120 anos de atua\u00e7\u00e3o no mercado, sempre fundamentados em uma rela\u00e7\u00e3o transparente, <span style=\"font-size: 14.4px;\">\u00e9tica e comprometida <\/span><span style=\"font-size: 14.4px;\">com a sustentabilidade.<\/span><\/p>\n<p>Investir na sa\u00fade \u00e9 sempre ben\u00e9fico, por isso a SulAm\u00e9rica Sa\u00fade oferece um conjunto de programas e a\u00e7\u00f5es voltados para a promo\u00e7\u00e3o da sa\u00fade, preven\u00e7\u00e3o e tratamento de doen\u00e7as.<\/p>\n<p>Esses programas s\u00e3o especialmente direcionados para empresas que desejam estimular a qualidade de vida de seus funcion\u00e1rios.<\/p>\n<p><i class=\"fa fa-check\"><\/i>\u00a0Tradi\u00e7\u00e3o e Solidez<br \/><i class=\"fa fa-check\"><\/i>\u00a0Maior seguradora independente do Brasil<br \/><i class=\"fa fa-check\"><\/i>\u00a0+ de 120 anos de exist\u00eancia<br \/><i class=\"fa fa-check\"><\/i>\u00a090 filiais<br \/><i class=\"fa fa-check\"><\/i>\u00a07 milh\u00f5es de clientes<br \/><i class=\"fa fa-check\"><\/i>\u00a05 mil funcion\u00e1rios<br \/><i class=\"fa fa-check\"><\/i>\u00a030 mil corretores ativos<br \/><i class=\"fa fa-check\"><\/i>\u00a020 mil prestadores de servi\u00e7os de sa\u00fade<\/p>\n\t\t<\/div>\n\t\t\n<style>\n#col-1646326712 > .col-inner {\n  padding: 23px 0px 11px 17px;\n}\n@media (min-width:550px) {\n  #col-1646326712 > .col-inner {\n    padding: 0px 0px 0px 39px;\n  }\n}\n<\/style>\n\t<\/div>\n\n\t\n\n\t<div id=\"col-1191751176\" class=\"col colpad0 hide-for-small medium-6 small-12 large-6\"  >\n\t\t<div class=\"col-inner\"  >\n\t\t\t\n\t\t\t\n\t<div class=\"img has-hover padbot0 x md-x lg-x y md-y lg-y\" id=\"image_2110812761\">\n\t\t\t\t\t\t\t\t<div class=\"img-inner dark\" >\n\t\t\t<img loading=\"lazy\" decoding=\"async\" width=\"555\" height=\"682\" src=\"https:\/\/todosplanosdesaude.com.br\/sulamerica-saude\/wp-content\/uploads\/2021\/06\/1.1.jpg\" class=\"attachment-large size-large\" alt=\"\" srcset=\"https:\/\/todosplanosdesaude.com.br\/sulamerica-saude\/wp-content\/uploads\/2021\/06\/1.1.jpg 555w, https:\/\/todosplanosdesaude.com.br\/sulamerica-saude\/wp-content\/uploads\/2021\/06\/1.1-244x300.jpg 244w\" sizes=\"auto, (max-width: 555px) 100vw, 555px\" \/>\t\t\t\t\t\t\n\t\t\t\t\t<\/div>\n\t\t\t\t\t\t\t\t\n<style>\n#image_2110812761 {\n  width: 100%;\n}\n<\/style>\n\t<\/div>\n\t\n\t\t<\/div>\n\t\t\t<\/div>\n\n\t\n<\/div>\n\t\t<\/div>\n\n\t\t\n<style>\n#section_721807905 {\n  padding-top: 0px;\n  padding-bottom: 0px;\n}\n<\/style>\n\t<\/section>\n\t\n\t<section class=\"section\" id=\"section_896796088\">\n\t\t<div class=\"bg section-bg fill bg-fill  bg-loaded\" >\n\n\t\t\t\n\t\t\t<div class=\"section-bg-overlay absolute fill\"><\/div>\n\t\t\t\n\n\t\t<\/div>\n\n\t\t<div class=\"section-content relative\">\n\t\t\t\n\t<div id=\"gap-591946960\" class=\"gap-element clearfix\" style=\"display:block; height:auto;\">\n\t\t\n<style>\n#gap-591946960 {\n  padding-top: 30px;\n}\n<\/style>\n\t<\/div>\n\t\n<div class=\"row align-middle\"  id=\"row-1121332912\">\n\n\t<div id=\"col-246790483\" class=\"col hide-for-small medium-6 small-12 large-6\"  >\n\t\t<div class=\"col-inner\"  >\n\t\t\t\n\t\t\t\n\t<div class=\"img has-hover x md-x lg-x y md-y lg-y\" id=\"image_1798928733\">\n\t\t\t\t\t\t\t\t<div class=\"img-inner dark\" >\n\t\t\t<img loading=\"lazy\" decoding=\"async\" width=\"1020\" height=\"634\" src=\"https:\/\/todosplanosdesaude.com.br\/sulamerica-saude\/wp-content\/uploads\/2021\/06\/2.1-1024x636.jpg\" class=\"attachment-large size-large\" alt=\"\" srcset=\"https:\/\/todosplanosdesaude.com.br\/sulamerica-saude\/wp-content\/uploads\/2021\/06\/2.1-1024x636.jpg 1024w, https:\/\/todosplanosdesaude.com.br\/sulamerica-saude\/wp-content\/uploads\/2021\/06\/2.1-300x186.jpg 300w, https:\/\/todosplanosdesaude.com.br\/sulamerica-saude\/wp-content\/uploads\/2021\/06\/2.1-768x477.jpg 768w, https:\/\/todosplanosdesaude.com.br\/sulamerica-saude\/wp-content\/uploads\/2021\/06\/2.1-1536x954.jpg 1536w, https:\/\/todosplanosdesaude.com.br\/sulamerica-saude\/wp-content\/uploads\/2021\/06\/2.1-2048x1272.jpg 2048w\" sizes=\"auto, (max-width: 1020px) 100vw, 1020px\" \/>\t\t\t\t\t\t\n\t\t\t\t\t<\/div>\n\t\t\t\t\t\t\t\t\n<style>\n#image_1798928733 {\n  width: 100%;\n}\n<\/style>\n\t<\/div>\n\t\n\t\t<\/div>\n\t\t\t<\/div>\n\n\t\n\n\t<div id=\"col-651593638\" class=\"col medium-6 small-12 large-6\"  >\n\t\t<div class=\"col-inner\"  >\n\t\t\t\n\t\t\t\n<h3 class=\"colortema\">SULAM\u00c9RICA SA\u00daDE \u2013 REDE CREDENCIADA<\/h3>\n<p>A rede credenciada da SulAm\u00e9rica Sa\u00fade abrange mais de 1.400 hospitais e mais de 2.900 laborat\u00f3rios em todo o Brasil.<\/p>\n<p>Aqui, destacamos algumas das op\u00e7\u00f5es mais reconhecidas.<\/p>\n<div class=\"row row-collapse\"  id=\"row-984726889\">\n\n\t<div id=\"col-2083775398\" class=\"col medium-6 small-12 large-6\"  >\n\t\t<div class=\"col-inner\"  >\n\t\t\t\n\t\t\t\n\t<div id=\"text-398463310\" class=\"text\">\n\t\t\n<ul style=\"font-size:14px; line-height:17px\">\n<li class=\"color-mid mb-10 bluesul\">Hospital Benefic\u00eancia Portuguesa<\/li>\n<li class=\"color-mid mb-10 bluesul\">Hospital S\u00e3o Luiz<\/li>\n<li class=\"color-mid mb-10 bluesul\">Incor &#8211; Instituto do Cora\u00e7\u00e3o<\/li>\n<li class=\"color-mid mb-10 bluesul\">Hospital S\u00e3o Paulo<\/li>\n<li class=\"color-mid mb-10 bluesul\">Hospital Alvorada<\/li>\n<li class=\"color-mid mb-10 bluesul\">Hospital Nove de Julho<\/li>\n<li class=\"color-mid mb-10 bluesul\">Hospital Metropolitano<\/li>\n<li class=\"color-mid mb-10 bluesul\">Hospital Vit\u00f3ria<\/li>\n<li class=\"color-mid mb-10 bluesul\">Hospital Igesp<\/li>\n<li class=\"color-mid mb-10 bluesul\">Hospital Paulistano<\/li>\n<\/ul>\n\t\t\n<style>\n#text-398463310 {\n  font-size: 0.75rem;\n}\n<\/style>\n\t<\/div>\n\t\n\t\t<\/div>\n\t\t\t<\/div>\n\n\t\n\n\t<div id=\"col-496994777\" class=\"col medium-6 small-12 large-6\"  >\n\t\t<div class=\"col-inner\"  >\n\t\t\t\n\t\t\t\n\t<div id=\"text-911202698\" class=\"text\">\n\t\t\n<div style=\"margin-top: -10px;\" class=\"hide-on-med-and-up show-on-small\"><\/div>\n<ul style=\"font-size:14px; line-height:17px\">\n<li>Hospital San Paolo<\/li>\n<li>Hospital Leforte<\/li>\n<li>Hospital S\u00e3o Camilo<\/li>\n<li>Hospital Santa Catarina<\/li>\n<li>Hospital Santa Joana<\/li>\n<li>HCor &#8211; Hospital do Cora\u00e7\u00e3o<\/li>\n<li>Hospital Samaritano<\/li>\n<li>Hospital Alem\u00e3o Oswaldo Cruz<\/li>\n<li>Hospital Israelita Albert Einstein<\/li>\n<li>Hospital S\u00edrio Liban\u00eas<\/li>\n<\/ul>\n\t\t\n<style>\n#text-911202698 {\n  font-size: 0.75rem;\n}\n<\/style>\n\t<\/div>\n\t\n\t\t<\/div>\n\t\t\t<\/div>\n\n\t\n<\/div>\n\t\t<\/div>\n\t\t\t<\/div>\n\n\t\n<\/div>\n\t\t<\/div>\n\n\t\t\n<style>\n#section_896796088 {\n  padding-top: 0px;\n  padding-bottom: 0px;\n}\n#section_896796088 .section-bg-overlay {\n  background-color: rgb(250, 250, 250);\n}\n<\/style>\n\t<\/section>\n\t\n","protected":false},"excerpt":{"rendered":"","protected":false},"author":1,"featured_media":0,"parent":0,"menu_order":0,"comment_status":"closed","ping_status":"closed","template":"page-blank.php","meta":{"footnotes":""},"class_list":["post-14","page","type-page","status-publish","hentry"],"yoast_head":"<!-- This site is optimized with the Yoast SEO plugin v25.3.1 - https:\/\/yoast.com\/wordpress\/plugins\/seo\/ -->\n<title>Home - Plano de Sa\u00fade SulAm\u00e9rica<\/title>\n<meta name=\"description\" content=\"Saiba tudo sobre o Plano de sa\u00fade SulAm\u00e9rica. Rede Credenciada, Tabela de Valores e Diferenciais. Ligue (11) 5063-0043\" \/>\n<meta name=\"robots\" content=\"index, follow, max-snippet:-1, max-image-preview:large, max-video-preview:-1\" \/>\n<link rel=\"canonical\" href=\"https:\/\/todosplanosdesaude.com.br\/sulamerica-saude\/\" \/>\n<meta property=\"og:locale\" content=\"en_US\" \/>\n<meta property=\"og:type\" content=\"article\" \/>\n<meta property=\"og:title\" content=\"Home - Plano de Sa\u00fade SulAm\u00e9rica\" \/>\n<meta property=\"og:description\" content=\"Saiba tudo sobre o Plano de sa\u00fade SulAm\u00e9rica. Rede Credenciada, Tabela de Valores e Diferenciais. Ligue (11) 5063-0043\" \/>\n<meta property=\"og:url\" content=\"https:\/\/todosplanosdesaude.com.br\/sulamerica-saude\/\" \/>\n<meta property=\"og:site_name\" content=\"Plano de Sa\u00fade SulAm\u00e9rica\" \/>\n<meta property=\"article:modified_time\" content=\"2024-05-01T20:52:39+00:00\" \/>\n<meta name=\"twitter:card\" content=\"summary_large_image\" \/>\n<meta name=\"twitter:label1\" content=\"Est. reading time\" \/>\n\t<meta name=\"twitter:data1\" content=\"4 minutes\" \/>\n<script type=\"application\/ld+json\" class=\"yoast-schema-graph\">{\"@context\":\"https:\/\/schema.org\",\"@graph\":[{\"@type\":\"WebPage\",\"@id\":\"https:\/\/todosplanosdesaude.com.br\/sulamerica-saude\/\",\"url\":\"https:\/\/todosplanosdesaude.com.br\/sulamerica-saude\/\",\"name\":\"Home - Plano de Sa\u00fade SulAm\u00e9rica\",\"isPartOf\":{\"@id\":\"https:\/\/todosplanosdesaude.com.br\/sulamerica-saude\/#website\"},\"datePublished\":\"2021-02-11T16:41:15+00:00\",\"dateModified\":\"2024-05-01T20:52:39+00:00\",\"description\":\"Saiba tudo sobre o Plano de sa\u00fade SulAm\u00e9rica. Rede Credenciada, Tabela de Valores e Diferenciais. Ligue (11) 5063-0043\",\"breadcrumb\":{\"@id\":\"https:\/\/todosplanosdesaude.com.br\/sulamerica-saude\/#breadcrumb\"},\"inLanguage\":\"en-US\",\"potentialAction\":[{\"@type\":\"ReadAction\",\"target\":[\"https:\/\/todosplanosdesaude.com.br\/sulamerica-saude\/\"]}]},{\"@type\":\"BreadcrumbList\",\"@id\":\"https:\/\/todosplanosdesaude.com.br\/sulamerica-saude\/#breadcrumb\",\"itemListElement\":[{\"@type\":\"ListItem\",\"position\":1,\"name\":\"Home\",\"item\":\"https:\/\/todosplanosdesaude.com.br\/sulamerica-saude\/\"},{\"@type\":\"ListItem\",\"position\":2,\"name\":\"Home\"}]},{\"@type\":\"WebSite\",\"@id\":\"https:\/\/todosplanosdesaude.com.br\/sulamerica-saude\/#website\",\"url\":\"https:\/\/todosplanosdesaude.com.br\/sulamerica-saude\/\",\"name\":\"Plano de Sa\u00fade SulAm\u00e9rica\",\"description\":\"\",\"potentialAction\":[{\"@type\":\"SearchAction\",\"target\":{\"@type\":\"EntryPoint\",\"urlTemplate\":\"https:\/\/todosplanosdesaude.com.br\/sulamerica-saude\/?s={search_term_string}\"},\"query-input\":{\"@type\":\"PropertyValueSpecification\",\"valueRequired\":true,\"valueName\":\"search_term_string\"}}],\"inLanguage\":\"en-US\"}]}<\/script>\n<!-- \/ Yoast SEO plugin. -->","yoast_head_json":{"title":"Home - Plano de Sa\u00fade SulAm\u00e9rica","description":"Saiba tudo sobre o Plano de sa\u00fade SulAm\u00e9rica. Rede Credenciada, Tabela de Valores e Diferenciais. Ligue (11) 5063-0043","robots":{"index":"index","follow":"follow","max-snippet":"max-snippet:-1","max-image-preview":"max-image-preview:large","max-video-preview":"max-video-preview:-1"},"canonical":"https:\/\/todosplanosdesaude.com.br\/sulamerica-saude\/","og_locale":"en_US","og_type":"article","og_title":"Home - Plano de Sa\u00fade SulAm\u00e9rica","og_description":"Saiba tudo sobre o Plano de sa\u00fade SulAm\u00e9rica. Rede Credenciada, Tabela de Valores e Diferenciais. Ligue (11) 5063-0043","og_url":"https:\/\/todosplanosdesaude.com.br\/sulamerica-saude\/","og_site_name":"Plano de Sa\u00fade SulAm\u00e9rica","article_modified_time":"2024-05-01T20:52:39+00:00","twitter_card":"summary_large_image","twitter_misc":{"Est. reading time":"4 minutes"},"schema":{"@context":"https:\/\/schema.org","@graph":[{"@type":"WebPage","@id":"https:\/\/todosplanosdesaude.com.br\/sulamerica-saude\/","url":"https:\/\/todosplanosdesaude.com.br\/sulamerica-saude\/","name":"Home - Plano de Sa\u00fade SulAm\u00e9rica","isPartOf":{"@id":"https:\/\/todosplanosdesaude.com.br\/sulamerica-saude\/#website"},"datePublished":"2021-02-11T16:41:15+00:00","dateModified":"2024-05-01T20:52:39+00:00","description":"Saiba tudo sobre o Plano de sa\u00fade SulAm\u00e9rica. Rede Credenciada, Tabela de Valores e Diferenciais. Ligue (11) 5063-0043","breadcrumb":{"@id":"https:\/\/todosplanosdesaude.com.br\/sulamerica-saude\/#breadcrumb"},"inLanguage":"en-US","potentialAction":[{"@type":"ReadAction","target":["https:\/\/todosplanosdesaude.com.br\/sulamerica-saude\/"]}]},{"@type":"BreadcrumbList","@id":"https:\/\/todosplanosdesaude.com.br\/sulamerica-saude\/#breadcrumb","itemListElement":[{"@type":"ListItem","position":1,"name":"Home","item":"https:\/\/todosplanosdesaude.com.br\/sulamerica-saude\/"},{"@type":"ListItem","position":2,"name":"Home"}]},{"@type":"WebSite","@id":"https:\/\/todosplanosdesaude.com.br\/sulamerica-saude\/#website","url":"https:\/\/todosplanosdesaude.com.br\/sulamerica-saude\/","name":"Plano de Sa\u00fade SulAm\u00e9rica","description":"","potentialAction":[{"@type":"SearchAction","target":{"@type":"EntryPoint","urlTemplate":"https:\/\/todosplanosdesaude.com.br\/sulamerica-saude\/?s={search_term_string}"},"query-input":{"@type":"PropertyValueSpecification","valueRequired":true,"valueName":"search_term_string"}}],"inLanguage":"en-US"}]}},"_links":{"self":[{"href":"https:\/\/todosplanosdesaude.com.br\/sulamerica-saude\/wp-json\/wp\/v2\/pages\/14","targetHints":{"allow":["GET"]}}],"collection":[{"href":"https:\/\/todosplanosdesaude.com.br\/sulamerica-saude\/wp-json\/wp\/v2\/pages"}],"about":[{"href":"https:\/\/todosplanosdesaude.com.br\/sulamerica-saude\/wp-json\/wp\/v2\/types\/page"}],"author":[{"embeddable":true,"href":"https:\/\/todosplanosdesaude.com.br\/sulamerica-saude\/wp-json\/wp\/v2\/users\/1"}],"replies":[{"embeddable":true,"href":"https:\/\/todosplanosdesaude.com.br\/sulamerica-saude\/wp-json\/wp\/v2\/comments?post=14"}],"version-history":[{"count":133,"href":"https:\/\/todosplanosdesaude.com.br\/sulamerica-saude\/wp-json\/wp\/v2\/pages\/14\/revisions"}],"predecessor-version":[{"id":1434,"href":"https:\/\/todosplanosdesaude.com.br\/sulamerica-saude\/wp-json\/wp\/v2\/pages\/14\/revisions\/1434"}],"wp:attachment":[{"href":"https:\/\/todosplanosdesaude.com.br\/sulamerica-saude\/wp-json\/wp\/v2\/media?parent=14"}],"curies":[{"name":"wp","href":"https:\/\/api.w.org\/{rel}","templated":true}]}}