{"id":1493,"date":"2025-03-28T14:22:13","date_gmt":"2025-03-28T14:22:13","guid":{"rendered":"https:\/\/todosplanosdesaude.com.br\/sulamerica-saude\/parana\/"},"modified":"2025-03-28T16:11:24","modified_gmt":"2025-03-28T16:11:24","slug":"parana","status":"publish","type":"page","link":"https:\/\/todosplanosdesaude.com.br\/sulamerica-saude\/parana\/","title":{"rendered":"Paran\u00e1"},"content":{"rendered":"<div id=\"page-header-1380498928\" class=\"page-header-wrapper\">\n<div class=\"page-title dark featured-title\">\n<div class=\"page-title-inner container align-center flex-row medium-flex-wrap\">\n<div class=\"title-wrapper flex-col text-left medium-text-center\">\n<h1 class=\"entry-title mb-0\">Rede Credenciada SulAm\u00e9rica Sa\u00fade Paran\u00e1<\/h1>\n<\/p>\n<\/div>\n<div class=\"title-content flex-col flex-right text-right medium-text-center\">\n<div class=\"title-breadcrumbs pb-half pt-half\"><\/div>\n<\/p>\n<\/div>\n<\/div>\n<\/div>\n<\/div>\n\t<section class=\"section\" id=\"section_1592496515\">\n\t\t<div class=\"bg section-bg fill bg-fill  bg-loaded\" >\n\n\t\t\t\n\t\t\t\n\t\t\t\n\n\t\t<\/div>\n\n\t\t<div class=\"section-content relative\">\n\t\t\t\n<div class=\"row\"  id=\"row-491530493\">\n\n\t<div id=\"col-409954745\" class=\"col small-12 large-12\"  >\n\t\t<div class=\"col-inner\"  >\n\t\t\t\n\t\t\t\n<table class=\"static small ta-c\">\n<tbody>\n<tr class=\"bgGray\">\n<td class=\"ta-c\" colspan=\"3\"><span class=\"fz-11\">ESPECIAL RC<\/span><\/td>\n<\/tr>\n<tr class=\"bgGray\">\n<td class=\"ta-l\" colspan=\"3\"><strong>Hospitais<\/strong>\u00a0(80)<\/td>\n<\/tr>\n<tr>\n<td class=\"ta-l va-t\" colspan=\"1\">\n<div class=\"fz-7\"><strong>Curitiba &#8211; Zona Central<\/strong><br \/>CLINICA CARDIOLOGYCA C COSTANTINI &#8211; H\/ PS<br \/>CLINICA PORTO SEGURO &#8211; HOSPITAL PSIQUI\u00c1TRICO &#8211; DH\/ H\/ PS<br \/>CLIN SAINT PAUL SC LTDA &#8211; DH\/ H<br \/>HOSP. DE OLHOS DO PARAN\u00c1 &#8211; DH\/ HO\/ PS<br \/>HOSPITAL INFANTIL PEQUENO PRINCIPE &#8211; H\/ PS<br \/>HOSPITAL NOSSA SENHORA DAS GRA\u00c7AS &#8211; H\/ M\/ PSI<br \/>HOSPITAL SANTA CRUZ &#8211; H\/ M\/ PS<br \/>HOSPITAL S\u00c3O VICENTE &#8211; DH\/ H\/ M<br \/>HOSPITAL XV &#8211; SA\u00daDE 360 &#8211; DH\/ H\/ PS\/ PSO<br \/>HOSP. SUGISAWA &#8211; H<br \/>MATERNIDADE NOSSA SENHORA DE F\u00c1TIMA &#8211; CTBA &#8211; M<br \/><strong>Curitiba &#8211; Zona Sul<\/strong><br \/>CL\u00cdNICA DR. HELIO ROTENBERG &#8211; *NA<br \/>CL\u00cdNICA LOS ANGELES &#8211; DH\/ HO\/ H<br \/>CL\u00cdNICA PARANAENSE DE OTORRINO LTDA &#8211; DH\/ H\/ PS<br \/>CRUZ VERMELHA BRAS. FILIAL DO EST. PARAN\u00c1 &#8211; DH\/ H\/ PS<br \/>HOSP. DAS NA\u00c7\u00d5ES LTDA &#8211; DH\/ H\/ PS<br \/>HOSP. ESP. DE PSIQUIATRIA BOM RETIRO &#8211; DH\/ H\/ PS<br \/>HOSP. IGUA\u00c7U &#8211; DH\/ H<br \/>HOSPITAL E MATERNIDADE SANTA BR\u00cdGIDA &#8211; M<br \/>HOSPITAL MARCELINO CHAMPAGNAT &#8211; DH\/ H\/ PS<br \/>HOSPITAL NOVO MUNDO &#8211; DH\/ H\/ PSO<br \/>HOSPITAL SANTA IZABEL &#8211; DH\/ H\/ PS<br \/>HOSPITAL VITA BATEL &#8211; H\/ PS<br \/>HOSP. PILAR &#8211; DH\/ H\/ PS<br \/>HOSP. UNION LTDA &#8211; HO\/ H<br \/>HOSP. VIT\u00d3RIA &#8211; DH\/ H\/ PS<br \/>INST DA VISAO CLINICA E CIRURGIA DE OLHO &#8211; DH<br \/>INSTITUTO DA CRIANCA &#8211; DH\/ PS<br \/>LIGA PARANAENSE COMBATE AO CANCER &#8211; H<br \/>LIPOPLASTIC &#8211; H<br \/>OFTALMOCL\u00cdNICA CURITIBA &#8211; HO<br \/>OFTALMOLOGIA BARIGUI &#8211; HO<br \/>POLICL\u00cdN. CAP\u00c3O RASO &#8211; PS<br \/>STA. CASA DE CURITIBA &#8211; H<br \/><strong>Curitiba &#8211; Zona Leste<\/strong><br \/>INST. DE MEDICINA E CIRURGIA DO PARAN\u00c1 &#8211; H<\/div>\n<\/td>\n<td class=\"ta-l va-t\" colspan=\"1\">\n<div class=\"fz-7\"><strong>Curitiba &#8211; Outras Regi\u00f5es<\/strong><br \/>CL\u00cdNICA DE FRATURAS NORTE &#8211; PS<br \/>HOSPITAL VITA CURITIBA &#8211; H\/ PS<br \/>INST DE NEUROL DE CURITIBA &#8211; H\/ PS<br \/>MATERNIDADE CURITIBA &#8211; M<br \/><strong>Londrina &#8211; Zona Central<\/strong><br \/>HOSP. ORTOP\u00c9DICO DE LONDRINA &#8211; H\/ PS<br \/><strong>Londrina &#8211; Zona Norte<\/strong><br \/>HOFTALON HOSP. DOS OLHOS &#8211; H\/ PS<br \/>HOSP. DE OTORRINO DE LONDRINA &#8211; H<br \/>HOSP. DO CORA\u00c7\u00c3O DE LONDRINA LTDA &#8211; H\/ PS<br \/>HOSP. EVANG\u00c9LICO DE LONDRINA &#8211; H\/ M<br \/><strong>Londrina &#8211; Outras Regi\u00f5es<\/strong><br \/>IRMANDADE DA SANTA CASA DE LONDRINA &#8211; H\/ M\/ PS<br \/><strong>Maring\u00e1 &#8211; Outras Regi\u00f5es<\/strong><br \/>HOSP E MATERNIDADE SAO MARCOS &#8211; DH\/ H\/ M\/ PS<br \/>HOSP. E MAT. MARING\u00c1 &#8211; H\/ M<br \/>HOSP. PARAN\u00c1 &#8211; DH\/ H\/ M\/ PS<br \/>UROTEC &#8211; H<br \/><strong>Foz do Igua\u00e7u &#8211; Outras Regi\u00f5es<\/strong><br \/>HOSP. CATARATAS &#8211; H\/ M\/ PS<br \/><strong>Ponta Grossa &#8211; Outras Regi\u00f5es<\/strong><br \/>HOSP. EVANG\u00c9LICO DE PONTA GROSSA &#8211; H\/ M<br \/>HOSP. VICENTINO &#8211; H\/ M<br \/>STA. CASA DE MIS. DE PONTA GROSSA &#8211; H\/ M\/ PS<br \/><strong>Cascavel &#8211; Zona Oeste<\/strong><br \/>HOSP. OLHOS CENTRO OFTALMO CASCAVEL &#8211; DH\/ HO<br \/><strong>Cascavel &#8211; Outras Regi\u00f5es<\/strong><br \/>HOSPITAL E MATERNIDADE DR. LIMA &#8211; H\/ M\/ PS<br \/>HOSPITAL POLICL\u00cdNICA CASCAVEL &#8211; H\/ M\/ PS<br \/><strong>S\u00e3o Jos\u00e9 dos Pinhais &#8211; Outras Regi\u00f5es<\/strong><br \/>NOVACLINICA &#8211; H\/ M\/ PS<br \/><strong>Guarapuava &#8211; Outras Regi\u00f5es<\/strong><br \/>HOSP SANTA TEREZA &#8211; H\/ PS<br \/>HOSP. S\u00c3O VICENTE DE PAULO DE GUARAPUAVA &#8211; H\/ PS<br \/><strong>Paranagu\u00e1 &#8211; Outras Regi\u00f5es<\/strong><br \/>CL\u00cdNICA M\u00c9DICA S\u00c3O PAULO &#8211; H\/ M\/ PS<br \/><strong>Pinhais &#8211; Outras Regi\u00f5es<\/strong><br \/>COTRAUMA &#8211; PS<\/div>\n<\/td>\n<td class=\"ta-l va-t\" colspan=\"1\">\n<div class=\"fz-7\">HOSPITAL E MATERNIDADE PINHAIS &#8211; H\/ PS<br \/><strong>Toledo &#8211; Zona Oeste<\/strong><br \/>ACO ASSOC. BENEFICENTE COSTA OESTE &#8211; H\/ M\/ PS<br \/><strong>Campo Largo &#8211; Outras Regi\u00f5es<\/strong><br \/>HOSP. E MAT. PAROLIM LTDA &#8211; H\/ M<br \/><strong>Arapongas &#8211; Zona Central<\/strong><br \/>ASSOC. NORTE PARAN. DE COMBATE AO C\u00c2NCER &#8211; H\/ M\/ PS<br \/><strong>Arapongas &#8211; Zona Norte<\/strong><br \/>IRMANDADE STA. CASA DE ARAPONGAS &#8211; H\/ M\/ PS<br \/><strong>Arapongas &#8211; Outras Regi\u00f5es<\/strong><br \/>CASA DE SAUDE SANTA RITA &#8211; H\/ M<br \/><strong>Umuarama &#8211; Outras Regi\u00f5es<\/strong><br \/>HOSP. CEMIL &#8211; H\/ M<br \/><strong>Camb\u00e9 &#8211; Outras Regi\u00f5es<\/strong><br \/>STA. CASA DE MISERIC. DE CAMB\u00c9 &#8211; H\/ PS<br \/><strong>Cambar\u00e1 &#8211; Zona Norte<\/strong><br \/>STA. CASA DE CAMBARA &#8211; H<br \/><strong>Cianorte &#8211; Outras Regi\u00f5es<\/strong><br \/>HOSPITAL S\u00c3O PAULO &#8211; CIANORTE &#8211; H\/ M<br \/>STA. CASA DE CIANORTE &#8211; H\/ M\/ PS<br \/><strong>Corn\u00e9lio Proc\u00f3pio &#8211; Outras Regi\u00f5es<\/strong><br \/>CEGEN &#8211; H\/ M\/ PS<br \/>STA. CASA DE MISERIC\u00d3RDIA DE CORN\u00c9LIO PROC\u00d3PIO &#8211; H\/ M\/ PS<br \/><strong>Francisco Beltr\u00e3o &#8211; Outras Regi\u00f5es<\/strong><br \/>POLICL\u00cdNICA S\u00c3O VICENTE PAULA &#8211; DH\/ H\/ M\/ PS<br \/><strong>Irati &#8211; Outras Regi\u00f5es<\/strong><br \/>HOSP. REGIONAL DE IRATI &#8211; H\/ M\/ PS<br \/><strong>Ivaipor\u00e3 &#8211; Outras Regi\u00f5es<\/strong><br \/>INSTITUTO DE SAUDE BOM JESUS &#8211; H\/ M\/ PS<br \/><strong>Mandagua\u00e7u &#8211; Outras Regi\u00f5es<\/strong><br \/>HOSP. E MAT. S\u00c3O LOUREN\u00c7O SA LTDA &#8211; H\/ M\/ PS<br \/><strong>Paranava\u00ed &#8211; Outras Regi\u00f5es<\/strong><br \/>STA. CASA DE PARANAVA\u00cd &#8211; H\/ M<br \/><strong>Terra Rica &#8211; Outras Regi\u00f5es<\/strong><br \/>HOSP. MUNICIPAL CRISTO REDENTOR &#8211; H\/ M\/ PS<\/div>\n<\/td>\n<\/tr>\n<tr class=\"bgGray\">\n<td class=\"ta-l\" colspan=\"3\"><strong>Clin\u00edcas<\/strong>\u00a0(2)<\/td>\n<\/tr>\n<tr>\n<td class=\"ta-l va-t\" colspan=\"1\">\n<div class=\"fz-7\"><strong>Curitiba &#8211; Zona Sul<\/strong><br \/>CL\u00cdN. ADVENTISTA DE CURITIBA<\/div>\n<\/td>\n<td class=\"ta-l va-t\" colspan=\"1\">\n<div class=\"fz-7\"><strong>Curitiba &#8211; Zona Leste<\/strong><br \/>OFTALMOPLASTICA SC LTDA<\/div>\n<\/td>\n<td colspan=\"1\">\u00a0<\/td>\n<\/tr>\n<tr class=\"bgGray\">\n<td class=\"ta-l\" colspan=\"3\"><strong>Laborat\u00f3rios<\/strong>\u00a0(67)<\/td>\n<\/tr>\n<tr>\n<td class=\"ta-l va-t\" colspan=\"1\">\n<div class=\"fz-7\"><strong>Curitiba &#8211; Zona Central<\/strong><br \/>LABORAT\u00d3RIO SANTA CRUZ<br \/><strong>Curitiba &#8211; Zona Sul<\/strong><br \/>A+ MEDICINA DIAGN\u00d3STICA<br \/>CRISCENTER<br \/>DELBONI AURIEMO<br \/>STA BRIGIDA<br \/><strong>Curitiba &#8211; V\u00e1rias Regi\u00f5es<\/strong><br \/>LABORATORIO SAO PAULO<br \/><strong>Curitiba &#8211; Outras Regi\u00f5es<\/strong><br \/>DR. MASSAO SUGISAWA<br \/>EXAMINARE<br \/>FRISCHMANN AISENGART MEDICINA DIAGNOSTICA<br \/>FRISCHMANN AISENGART MEDICINA DIAGNOSTICA<br \/>LAB. DE BACTERIOL E AN\u00c1LISES CL\u00cdN<br \/>LABORAN ANALISES LABORATORIAIS<br \/>LAB. PARAN\u00c1LISE<br \/>LANAC<br \/>OSVALDO ZORNIG<br \/>PROLAB<br \/>VICENLAB<br \/><strong>Londrina &#8211; Zona Norte<\/strong><br \/>CETEL<br \/>CLINILAB<br \/>ULTRAMED<br \/><strong>Londrina &#8211; Outras Regi\u00f5es<\/strong><br \/>BIO CENTER<br \/><strong>Maring\u00e1 &#8211; Outras Regi\u00f5es<\/strong><br \/>CEDLAB<br \/>LABMAR<br \/><strong>Foz do Igua\u00e7u &#8211; Outras Regi\u00f5es<\/strong><br \/>MASTER LAB<br \/><strong>Cascavel &#8211; Zona Oeste<\/strong><br \/>IBOP<br \/><strong>Cascavel &#8211; Outras Regi\u00f5es<\/strong><br \/>ALVARO CENTRO DE ANALIS E PESQ CLIN<\/div>\n<\/td>\n<td class=\"ta-l va-t\" colspan=\"1\">\n<div class=\"fz-7\">BIOVEL<br \/><strong>S\u00e3o Jos\u00e9 dos Pinhais &#8211; Outras Regi\u00f5es<\/strong><br \/>A+ MEDICINA DIAGN\u00d3STICA<br \/>ANACLIN<br \/>FRISCHMANN AISENGART MEDICINA DIAGN\u00d3STICA<br \/><strong>Colombo &#8211; Outras Regi\u00f5es<\/strong><br \/>CLINILAB LAB CLINICO<br \/><strong>Guarapuava &#8211; Zona Sul<\/strong><br \/>BIOCL\u00cdNICO GOES<br \/><strong>Guarapuava &#8211; Outras Regi\u00f5es<\/strong><br \/>DR. ALBINI<br \/><strong>Paranagu\u00e1 &#8211; Litoral<\/strong><br \/>MADRE TEREZA CALCUT\u00c1<br \/><strong>Pinhais &#8211; Outras Regi\u00f5es<\/strong><br \/>LABCEN<br \/><strong>Arauc\u00e1ria &#8211; Outras Regi\u00f5es<\/strong><br \/>VOLPI &amp; BIANCARDI LTDA<br \/><strong>Campo Largo &#8211; Outras Regi\u00f5es<\/strong><br \/>BIOLABOR<br \/><strong>Arapongas &#8211; Zona Norte<\/strong><br \/>DOM BOSCO<br \/><strong>Umuarama &#8211; Outras Regi\u00f5es<\/strong><br \/>PRONTO AN\u00c1LISE<br \/>REUNIDOS DE UMUARAMA<br \/><strong>Astorga &#8211; Outras Regi\u00f5es<\/strong><br \/>LAB PAT CLIN STA TEREZINHA LTDA<br \/><strong>Bandeirantes &#8211; Outras Regi\u00f5es<\/strong><br \/>BIOANALISE<br \/><strong>Cambar\u00e1 &#8211; Outras Regi\u00f5es<\/strong><br \/>LAB DE ANAL CLIN DR SOIE KAIO<br \/><strong>Campo Mour\u00e3o &#8211; Outras Regi\u00f5es<\/strong><br \/>LAB. SANTA CECILIA<br \/>PRONTO ANALISE<br \/><strong>Castro &#8211; Outras Regi\u00f5es<\/strong><br \/>CONDOR LABORATORIO LTDA<br \/><strong>Cianorte &#8211; Outras Regi\u00f5es<\/strong><br \/>LAB CIANORTE<\/div>\n<\/td>\n<td class=\"ta-l va-t\" colspan=\"1\">\n<div class=\"fz-7\">LAB SANTA PAULA<br \/><strong>Cruzeiro do Oeste &#8211; Outras Regi\u00f5es<\/strong><br \/>LABORATORIO ANA CRISTINA<br \/><strong>Dois Vizinhos &#8211; Outras Regi\u00f5es<\/strong><br \/>LAB DALMORA ANAL CLIN<br \/>LABORATORIO SAO JUDAS TADEU<br \/><strong>Francisco Beltr\u00e3o &#8211; Outras Regi\u00f5es<\/strong><br \/>LAB BIO EXAME LTDA<br \/>LAURA FREGONESE LABORATORIO<br \/><strong>Irati &#8211; Outras Regi\u00f5es<\/strong><br \/>LABORATORIO SEKULA<br \/>VITALLE ANALISES CLINICAS<br \/><strong>Ivaipor\u00e3 &#8211; Outras Regi\u00f5es<\/strong><br \/>LABORATORIO MODELO<br \/><strong>Jacarezinho &#8211; Outras Regi\u00f5es<\/strong><br \/>LABORATORIO DINIZ<br \/><strong>Jaguaria\u00edva &#8211; Outras Regi\u00f5es<\/strong><br \/>CLINAN LAB ANAL CLINICAS<br \/>CLINICENTER LAB ANAL CLINICAS<br \/><strong>Lapa &#8211; Outras Regi\u00f5es<\/strong><br \/>LAB DE ANAL CLIN BECKER LTDA<br \/><strong>Mandagua\u00e7u &#8211; Outras Regi\u00f5es<\/strong><br \/>LAB SAO LOURENCO LTDA<br \/><strong>Nova Londrina &#8211; Outras Regi\u00f5es<\/strong><br \/>LAB LOGOS DE ANALISES CLINICAS<br \/><strong>Palmas &#8211; Outras Regi\u00f5es<\/strong><br \/>LUSTOZA DE CARLI E SCHELP LTDA<br \/><strong>Palmeira &#8211; Outras Regi\u00f5es<\/strong><br \/>LAB DE ANAL CLIN CORREIA E MORAES<br \/><strong>Paranava\u00ed &#8211; Outras Regi\u00f5es<\/strong><br \/>LAB. OSWALDO CRUZ<br \/>LAB. PASTEUR<br \/><strong>Tel\u00eamaco Borba &#8211; Outras Regi\u00f5es<\/strong><br \/>LZ ANALISES CLINICAS LTDA<\/div>\n<\/td>\n<\/tr>\n<tr class=\"bgGray\">\n<td class=\"ta-c\" colspan=\"3\"><span class=\"fz-11\">ESPECIAL 100 &#8211; R1<\/span>\u00a0(+ ESPECIAL RC)<\/td>\n<\/tr>\n<tr class=\"bgGray\">\n<td class=\"ta-l\" colspan=\"3\"><strong>Hospitais<\/strong>\u00a0(1)<\/td>\n<\/tr>\n<tr>\n<td class=\"ta-l va-t\" colspan=\"1\">\n<div class=\"fz-7\"><strong>Londrina &#8211; Zona Norte<\/strong><br \/>HOSP. OTOCENTRO DE LONDRINA &#8211; HO\/ H<\/div>\n<\/td>\n<td colspan=\"2\">\u00a0<\/td>\n<\/tr>\n<tr class=\"bgGray\">\n<td class=\"ta-c\" colspan=\"3\"><span class=\"fz-11\">EXECUTIVO R1<\/span>\u00a0(+ ESPECIAL 100 &#8211; R1)<\/td>\n<\/tr>\n<tr>\n<td class=\"ta-c\" colspan=\"3\"><span class=\"fz-9\">Mesma rede do plano anterior ESPECIAL 100 &#8211; R1<\/span><\/td>\n<\/tr>\n<tr class=\"bgGray\">\n<td class=\"ta-c\" colspan=\"3\"><span class=\"fz-11\">EXECUTIVO R2<\/span>\u00a0(+ EXECUTIVO R1)<\/td>\n<\/tr>\n<tr>\n<td class=\"ta-c\" colspan=\"3\"><span class=\"fz-9\">Mesma rede do plano anterior EXECUTIVO R1<\/span><\/td>\n<\/tr>\n<tr class=\"bgGray\">\n<td class=\"ta-c\" colspan=\"3\"><span class=\"fz-11\">EXECUTIVO R3<\/span>\u00a0(+ EXECUTIVO R2)<\/td>\n<\/tr>\n<tr>\n<td class=\"ta-c\" colspan=\"3\"><span class=\"fz-9\">Mesma rede do plano anterior EXECUTIVO R2<\/span><\/td>\n<\/tr>\n<tr class=\"bgGray\">\n<td class=\"ta-c\" colspan=\"3\"><span class=\"fz-11\">PRESTIGE<\/span>\u00a0(+ EXECUTIVO R3)<\/td>\n<\/tr>\n<tr>\n<td class=\"ta-c\" colspan=\"3\"><span class=\"fz-9\">Mesma rede do plano anterior EXECUTIVO R3<\/span><\/td>\n<\/tr>\n<\/tbody>\n<\/table>\n<p>\u00a0<\/p>\n<table class=\"static small\">\n<tbody>\n<tr class=\"bgGray\">\n<td class=\"ta-l\">Legendas<\/td>\n<\/tr>\n<tr>\n<td class=\"ta-l\">H &#8211; Interna\u00e7\u00e3o Eletiva, M &#8211; Maternidade, PS &#8211; Pronto Socorro, DH &#8211; Day Hospital, HO &#8211; Hospital Oftalmologista, PSI &#8211; Pronto Socorro Infantil, PSO &#8211; Pronto Socorro Ortop\u00e9dico, *NA &#8211; Atendimento n\u00e3o especificado pela Operadora<\/td>\n<\/tr>\n<\/tbody>\n<\/table>\n\t\t<\/div>\n\t\t\t<\/div>\n\n\t\n<\/div>\n\t\t<\/div>\n\n\t\t\n<style>\n#section_1592496515 {\n  padding-top: 30px;\n  padding-bottom: 30px;\n}\n<\/style>\n\t<\/section>\n\t\n<div class=\"message-box relative dark\" style=\"padding-top:15px;padding-bottom:15px;\"><div class=\"message-box-bg-image bg-fill fill\" ><\/div><div class=\"message-box-bg-overlay bg-fill fill\" ><\/div><div class=\"container relative\"><div class=\"inner last-reset\">\n<div class=\"row align-middle align-center\"  id=\"row-1112366034\">\n\n\t<div id=\"col-1124561838\" class=\"col small-12 large-12\"  >\n\t\t<div class=\"col-inner\"  >\n\t\t\t\n\t\t\t\n<p style=\"text-align: center;\"><b>IMPORTANTE!<\/b> As informa\u00e7\u00f5es de redes credenciada contidas neste site, podem sofrer altera\u00e7\u00f5es a qualquer momento. Os produtos apresentados nesse site obedecem \u00e0 legisla\u00e7\u00e3o que regulamenta os seguros e \u00e0s condi\u00e7\u00f5es contratuais, que devem ser lidas previamente \u00e0 sua contrata\u00e7\u00e3o.<\/p>\n\t\t<\/div>\n\t\t\t<\/div>\n\n\t\n<\/div>\n<\/div><\/div><\/div>\n","protected":false},"excerpt":{"rendered":"<p>Rede Credenciada SulAm\u00e9rica Sa\u00fade<\/p>\n","protected":false},"author":0,"featured_media":0,"parent":0,"menu_order":0,"comment_status":"closed","ping_status":"closed","template":"page-blank.php","meta":{"footnotes":""},"class_list":["post-1493","page","type-page","status-publish","hentry"],"yoast_head":"<!-- This site is optimized with the Yoast SEO plugin v25.3.1 - https:\/\/yoast.com\/wordpress\/plugins\/seo\/ -->\n<title>Paran\u00e1 - Plano de Sa\u00fade SulAm\u00e9rica<\/title>\n<meta name=\"robots\" content=\"index, follow, max-snippet:-1, max-image-preview:large, max-video-preview:-1\" \/>\n<link rel=\"canonical\" href=\"https:\/\/todosplanosdesaude.com.br\/sulamerica-saude\/parana\/\" \/>\n<meta property=\"og:locale\" content=\"en_US\" \/>\n<meta property=\"og:type\" content=\"article\" \/>\n<meta property=\"og:title\" content=\"Paran\u00e1 - Plano de Sa\u00fade SulAm\u00e9rica\" \/>\n<meta property=\"og:description\" content=\"Rede Credenciada SulAm\u00e9rica Sa\u00fade\" \/>\n<meta property=\"og:url\" content=\"https:\/\/todosplanosdesaude.com.br\/sulamerica-saude\/parana\/\" \/>\n<meta property=\"og:site_name\" content=\"Plano de Sa\u00fade SulAm\u00e9rica\" \/>\n<meta property=\"article:modified_time\" content=\"2025-03-28T16:11:24+00:00\" \/>\n<meta name=\"twitter:card\" content=\"summary_large_image\" \/>\n<meta name=\"twitter:label1\" content=\"Est. reading time\" \/>\n\t<meta name=\"twitter:data1\" content=\"6 minutes\" \/>\n<script type=\"application\/ld+json\" class=\"yoast-schema-graph\">{\"@context\":\"https:\/\/schema.org\",\"@graph\":[{\"@type\":\"WebPage\",\"@id\":\"https:\/\/todosplanosdesaude.com.br\/sulamerica-saude\/parana\/\",\"url\":\"https:\/\/todosplanosdesaude.com.br\/sulamerica-saude\/parana\/\",\"name\":\"Paran\u00e1 - Plano de Sa\u00fade SulAm\u00e9rica\",\"isPartOf\":{\"@id\":\"https:\/\/todosplanosdesaude.com.br\/sulamerica-saude\/#website\"},\"datePublished\":\"2025-03-28T14:22:13+00:00\",\"dateModified\":\"2025-03-28T16:11:24+00:00\",\"breadcrumb\":{\"@id\":\"https:\/\/todosplanosdesaude.com.br\/sulamerica-saude\/parana\/#breadcrumb\"},\"inLanguage\":\"en-US\",\"potentialAction\":[{\"@type\":\"ReadAction\",\"target\":[\"https:\/\/todosplanosdesaude.com.br\/sulamerica-saude\/parana\/\"]}]},{\"@type\":\"BreadcrumbList\",\"@id\":\"https:\/\/todosplanosdesaude.com.br\/sulamerica-saude\/parana\/#breadcrumb\",\"itemListElement\":[{\"@type\":\"ListItem\",\"position\":1,\"name\":\"Home\",\"item\":\"https:\/\/todosplanosdesaude.com.br\/sulamerica-saude\/\"},{\"@type\":\"ListItem\",\"position\":2,\"name\":\"Paran\u00e1\"}]},{\"@type\":\"WebSite\",\"@id\":\"https:\/\/todosplanosdesaude.com.br\/sulamerica-saude\/#website\",\"url\":\"https:\/\/todosplanosdesaude.com.br\/sulamerica-saude\/\",\"name\":\"Plano de Sa\u00fade SulAm\u00e9rica\",\"description\":\"\",\"potentialAction\":[{\"@type\":\"SearchAction\",\"target\":{\"@type\":\"EntryPoint\",\"urlTemplate\":\"https:\/\/todosplanosdesaude.com.br\/sulamerica-saude\/?s={search_term_string}\"},\"query-input\":{\"@type\":\"PropertyValueSpecification\",\"valueRequired\":true,\"valueName\":\"search_term_string\"}}],\"inLanguage\":\"en-US\"}]}<\/script>\n<!-- \/ Yoast SEO plugin. -->","yoast_head_json":{"title":"Paran\u00e1 - Plano de Sa\u00fade SulAm\u00e9rica","robots":{"index":"index","follow":"follow","max-snippet":"max-snippet:-1","max-image-preview":"max-image-preview:large","max-video-preview":"max-video-preview:-1"},"canonical":"https:\/\/todosplanosdesaude.com.br\/sulamerica-saude\/parana\/","og_locale":"en_US","og_type":"article","og_title":"Paran\u00e1 - Plano de Sa\u00fade SulAm\u00e9rica","og_description":"Rede Credenciada SulAm\u00e9rica Sa\u00fade","og_url":"https:\/\/todosplanosdesaude.com.br\/sulamerica-saude\/parana\/","og_site_name":"Plano de Sa\u00fade SulAm\u00e9rica","article_modified_time":"2025-03-28T16:11:24+00:00","twitter_card":"summary_large_image","twitter_misc":{"Est. reading time":"6 minutes"},"schema":{"@context":"https:\/\/schema.org","@graph":[{"@type":"WebPage","@id":"https:\/\/todosplanosdesaude.com.br\/sulamerica-saude\/parana\/","url":"https:\/\/todosplanosdesaude.com.br\/sulamerica-saude\/parana\/","name":"Paran\u00e1 - Plano de Sa\u00fade SulAm\u00e9rica","isPartOf":{"@id":"https:\/\/todosplanosdesaude.com.br\/sulamerica-saude\/#website"},"datePublished":"2025-03-28T14:22:13+00:00","dateModified":"2025-03-28T16:11:24+00:00","breadcrumb":{"@id":"https:\/\/todosplanosdesaude.com.br\/sulamerica-saude\/parana\/#breadcrumb"},"inLanguage":"en-US","potentialAction":[{"@type":"ReadAction","target":["https:\/\/todosplanosdesaude.com.br\/sulamerica-saude\/parana\/"]}]},{"@type":"BreadcrumbList","@id":"https:\/\/todosplanosdesaude.com.br\/sulamerica-saude\/parana\/#breadcrumb","itemListElement":[{"@type":"ListItem","position":1,"name":"Home","item":"https:\/\/todosplanosdesaude.com.br\/sulamerica-saude\/"},{"@type":"ListItem","position":2,"name":"Paran\u00e1"}]},{"@type":"WebSite","@id":"https:\/\/todosplanosdesaude.com.br\/sulamerica-saude\/#website","url":"https:\/\/todosplanosdesaude.com.br\/sulamerica-saude\/","name":"Plano de Sa\u00fade SulAm\u00e9rica","description":"","potentialAction":[{"@type":"SearchAction","target":{"@type":"EntryPoint","urlTemplate":"https:\/\/todosplanosdesaude.com.br\/sulamerica-saude\/?s={search_term_string}"},"query-input":{"@type":"PropertyValueSpecification","valueRequired":true,"valueName":"search_term_string"}}],"inLanguage":"en-US"}]}},"_links":{"self":[{"href":"https:\/\/todosplanosdesaude.com.br\/sulamerica-saude\/wp-json\/wp\/v2\/pages\/1493","targetHints":{"allow":["GET"]}}],"collection":[{"href":"https:\/\/todosplanosdesaude.com.br\/sulamerica-saude\/wp-json\/wp\/v2\/pages"}],"about":[{"href":"https:\/\/todosplanosdesaude.com.br\/sulamerica-saude\/wp-json\/wp\/v2\/types\/page"}],"replies":[{"embeddable":true,"href":"https:\/\/todosplanosdesaude.com.br\/sulamerica-saude\/wp-json\/wp\/v2\/comments?post=1493"}],"version-history":[{"count":1,"href":"https:\/\/todosplanosdesaude.com.br\/sulamerica-saude\/wp-json\/wp\/v2\/pages\/1493\/revisions"}],"predecessor-version":[{"id":1532,"href":"https:\/\/todosplanosdesaude.com.br\/sulamerica-saude\/wp-json\/wp\/v2\/pages\/1493\/revisions\/1532"}],"wp:attachment":[{"href":"https:\/\/todosplanosdesaude.com.br\/sulamerica-saude\/wp-json\/wp\/v2\/media?parent=1493"}],"curies":[{"name":"wp","href":"https:\/\/api.w.org\/{rel}","templated":true}]}}